Last updated on 2024-06-27 16:49:14 CEST.
Flavor | Version | Tinstall | Tcheck | Ttotal | Status | Flags |
---|---|---|---|---|---|---|
r-devel-linux-x86_64-debian-clang | 0.7.4 | NOTE | ||||
r-devel-linux-x86_64-debian-gcc | 0.7.5 | 1605.27 | 264.34 | 1869.61 | NOTE | |
r-devel-linux-x86_64-fedora-clang | 0.7.5 | 2550.56 | NOTE | |||
r-devel-linux-x86_64-fedora-gcc | 0.7.5 | 3298.19 | NOTE | |||
r-devel-windows-x86_64 | 0.7.5 | 825.00 | 249.00 | 1074.00 | NOTE | |
r-patched-linux-x86_64 | 0.7.5 | 0.43 | 2.11 | 2.54 | ERROR | |
r-release-linux-x86_64 | 0.7.4 | 0.46 | 2.10 | 2.56 | ERROR | |
r-release-macos-arm64 | 0.7.5 | 503.00 | NOTE | |||
r-release-macos-x86_64 | 0.7.5 | 583.00 | NOTE | |||
r-release-windows-x86_64 | 0.7.5 | 780.00 | 244.00 | 1024.00 | NOTE | |
r-oldrel-macos-arm64 | 0.7.5 | 671.00 | NOTE | |||
r-oldrel-macos-x86_64 | 0.7.5 | 524.00 | NOTE | |||
r-oldrel-windows-x86_64 | 0.7.5 | 959.00 | 278.00 | 1237.00 | NOTE |
Version: 0.7.4
Check: package dependencies
Result: NOTE
Package suggested but not available for checking: ‘cmdstanr’
Flavor: r-devel-linux-x86_64-debian-clang
Version: 0.7.4
Check: for GNU extensions in Makefiles
Result: NOTE
GNU make is a SystemRequirements.
Flavor: r-devel-linux-x86_64-debian-clang
Version: 0.7.5
Check: package dependencies
Result: NOTE
Package suggested but not available for checking: ‘cmdstanr’
Flavors: r-devel-linux-x86_64-debian-gcc, r-devel-linux-x86_64-fedora-clang, r-devel-linux-x86_64-fedora-gcc, r-devel-windows-x86_64, r-release-macos-arm64, r-release-macos-x86_64, r-release-windows-x86_64, r-oldrel-macos-arm64, r-oldrel-macos-x86_64, r-oldrel-windows-x86_64
Version: 0.7.5
Check: for GNU extensions in Makefiles
Result: NOTE
GNU make is a SystemRequirements.
Flavors: r-devel-linux-x86_64-debian-gcc, r-devel-linux-x86_64-fedora-clang, r-devel-linux-x86_64-fedora-gcc, r-devel-windows-x86_64, r-release-macos-arm64, r-release-macos-x86_64, r-release-windows-x86_64, r-oldrel-macos-arm64, r-oldrel-macos-x86_64, r-oldrel-windows-x86_64
Version: 0.7.5
Check: installed package size
Result: NOTE
installed size is 16.4Mb
sub-directories of 1Mb or more:
data 1.5Mb
libs 14.0Mb
Flavors: r-devel-linux-x86_64-fedora-clang, r-devel-windows-x86_64, r-release-macos-arm64, r-release-macos-x86_64, r-release-windows-x86_64, r-oldrel-macos-arm64, r-oldrel-macos-x86_64, r-oldrel-windows-x86_64
Version: 0.7.5
Check: Rd cross-references
Result: NOTE
Undeclared package ‘glmmrBase’ in Rd xrefs
Flavor: r-devel-linux-x86_64-fedora-clang
Version: 0.7.5
Check: package dependencies
Result: ERROR
Package required but not available: ‘glmmrBase’
Package suggested but not available for checking: ‘cmdstanr’
See section ‘The DESCRIPTION file’ in the ‘Writing R Extensions’
manual.
Flavor: r-patched-linux-x86_64
Version: 0.7.4
Check: package dependencies
Result: ERROR
Package required but not available: ‘glmmrBase’
Package suggested but not available for checking: ‘cmdstanr’
See section ‘The DESCRIPTION file’ in the ‘Writing R Extensions’
manual.
Flavor: r-release-linux-x86_64