Last updated on 2024-07-13 11:49:26 CEST.
Flavor | Version | Tinstall | Tcheck | Ttotal | Status | Flags |
---|---|---|---|---|---|---|
r-devel-linux-x86_64-debian-clang | 0.7.5 | 1929.96 | 213.28 | 2143.24 | NOTE | |
r-devel-linux-x86_64-debian-gcc | 0.7.5 | 1611.34 | 264.08 | 1875.42 | NOTE | |
r-devel-linux-x86_64-fedora-clang | 0.7.5 | 2253.63 | NOTE | |||
r-devel-linux-x86_64-fedora-gcc | 0.7.5 | 2419.89 | NOTE | |||
r-devel-windows-x86_64 | 0.7.5 | 1258.00 | 281.00 | 1539.00 | NOTE | |
r-patched-linux-x86_64 | 0.7.5 | 0.39 | 2.06 | 2.45 | ERROR | |
r-release-linux-x86_64 | 0.7.5 | 1371.69 | 342.49 | 1714.18 | NOTE | |
r-release-macos-arm64 | 0.7.5 | 503.00 | NOTE | |||
r-release-macos-x86_64 | 0.7.5 | 583.00 | NOTE | |||
r-release-windows-x86_64 | 0.7.5 | 1140.00 | 288.00 | 1428.00 | NOTE | |
r-oldrel-macos-arm64 | 0.7.5 | 671.00 | NOTE | |||
r-oldrel-macos-x86_64 | 0.7.5 | 524.00 | NOTE | |||
r-oldrel-windows-x86_64 | 0.7.5 | 1460.00 | 355.00 | 1815.00 | NOTE |
Version: 0.7.5
Check: package dependencies
Result: NOTE
Package suggested but not available for checking: ‘cmdstanr’
Flavors: r-devel-linux-x86_64-debian-clang, r-devel-linux-x86_64-debian-gcc, r-devel-linux-x86_64-fedora-clang, r-devel-linux-x86_64-fedora-gcc, r-devel-windows-x86_64, r-release-linux-x86_64, r-release-macos-arm64, r-release-macos-x86_64, r-release-windows-x86_64, r-oldrel-macos-arm64, r-oldrel-macos-x86_64, r-oldrel-windows-x86_64
Version: 0.7.5
Check: for GNU extensions in Makefiles
Result: NOTE
GNU make is a SystemRequirements.
Flavors: r-devel-linux-x86_64-debian-clang, r-devel-linux-x86_64-debian-gcc, r-devel-linux-x86_64-fedora-clang, r-devel-linux-x86_64-fedora-gcc, r-devel-windows-x86_64, r-release-linux-x86_64, r-release-macos-arm64, r-release-macos-x86_64, r-release-windows-x86_64, r-oldrel-macos-arm64, r-oldrel-macos-x86_64, r-oldrel-windows-x86_64
Version: 0.7.5
Check: installed package size
Result: NOTE
installed size is 16.4Mb
sub-directories of 1Mb or more:
data 1.5Mb
libs 14.0Mb
Flavors: r-devel-linux-x86_64-fedora-clang, r-devel-windows-x86_64, r-release-macos-arm64, r-release-macos-x86_64, r-release-windows-x86_64, r-oldrel-macos-arm64, r-oldrel-macos-x86_64, r-oldrel-windows-x86_64
Version: 0.7.5
Check: Rd cross-references
Result: NOTE
Undeclared package ‘glmmrBase’ in Rd xrefs
Flavor: r-devel-linux-x86_64-fedora-clang
Version: 0.7.5
Check: package dependencies
Result: ERROR
Package required but not available: ‘glmmrBase’
Package suggested but not available for checking: ‘cmdstanr’
See section ‘The DESCRIPTION file’ in the ‘Writing R Extensions’
manual.
Flavor: r-patched-linux-x86_64