Last updated on 2024-06-21 09:55:53 CEST.
Flavor | Version | Tinstall | Tcheck | Ttotal | Status | Flags |
---|---|---|---|---|---|---|
r-devel-linux-x86_64-debian-clang | 1.6.12 | 37.13 | 77.05 | 114.18 | OK | |
r-devel-linux-x86_64-debian-gcc | 1.6.12 | 24.99 | 59.46 | 84.45 | OK | |
r-devel-linux-x86_64-fedora-clang | 1.6.12 | 149.20 | OK | |||
r-devel-linux-x86_64-fedora-gcc | 1.6.12 | 164.38 | OK | |||
r-devel-windows-x86_64 | 1.6.12 | 33.00 | 155.00 | 188.00 | OK | |
r-patched-linux-x86_64 | 1.6.12 | 33.19 | 75.14 | 108.33 | OK | |
r-release-linux-x86_64 | 1.6.12 | 34.56 | 73.60 | 108.16 | OK | |
r-release-macos-arm64 | 1.6.12 | 62.00 | NOTE | |||
r-release-macos-x86_64 | 1.6.12 | 114.00 | NOTE | |||
r-release-windows-x86_64 | 1.6.12 | 32.00 | 172.00 | 204.00 | OK | |
r-oldrel-macos-arm64 | 1.6.12 | 67.00 | NOTE | |||
r-oldrel-macos-x86_64 | 1.6.12 | 153.00 | NOTE | |||
r-oldrel-windows-x86_64 | 1.6.12 | 31.00 | 167.00 | 198.00 | OK |
Version: 1.6.12
Check: installed package size
Result: NOTE
installed size is 6.0Mb
sub-directories of 1Mb or more:
libs 2.3Mb
projects 2.9Mb
Flavors: r-release-macos-arm64, r-release-macos-x86_64, r-oldrel-macos-arm64, r-oldrel-macos-x86_64