Last updated on 2024-07-13 11:49:26 CEST.
Flavor | Version | Tinstall | Tcheck | Ttotal | Status | Flags |
---|---|---|---|---|---|---|
r-devel-linux-x86_64-debian-clang | 1.6.12 | 33.33 | 76.17 | 109.50 | OK | |
r-devel-linux-x86_64-debian-gcc | 1.6.12 | 26.10 | 60.25 | 86.35 | OK | |
r-devel-linux-x86_64-fedora-clang | 1.6.12 | 145.46 | OK | |||
r-devel-linux-x86_64-fedora-gcc | 1.6.12 | 163.39 | OK | |||
r-devel-windows-x86_64 | 1.6.12 | 31.00 | 171.00 | 202.00 | OK | |
r-patched-linux-x86_64 | 1.6.12 | 31.57 | 72.67 | 104.24 | OK | |
r-release-linux-x86_64 | 1.6.12 | 32.04 | 73.31 | 105.35 | OK | |
r-release-macos-arm64 | 1.6.12 | 62.00 | NOTE | |||
r-release-macos-x86_64 | 1.6.12 | 114.00 | NOTE | |||
r-release-windows-x86_64 | 1.6.12 | 31.00 | 172.00 | 203.00 | OK | |
r-oldrel-macos-arm64 | 1.6.12 | 67.00 | NOTE | |||
r-oldrel-macos-x86_64 | 1.6.12 | 153.00 | NOTE | |||
r-oldrel-windows-x86_64 | 1.6.12 | 32.00 | 164.00 | 196.00 | OK |
Version: 1.6.12
Check: installed package size
Result: NOTE
installed size is 6.0Mb
sub-directories of 1Mb or more:
libs 2.3Mb
projects 2.9Mb
Flavors: r-release-macos-arm64, r-release-macos-x86_64, r-oldrel-macos-arm64, r-oldrel-macos-x86_64