Last updated on 2024-06-27 16:49:14 CEST.
Flavor | Version | Tinstall | Tcheck | Ttotal | Status | Flags |
---|---|---|---|---|---|---|
r-devel-linux-x86_64-debian-clang | 0.1.0 | NOTE | ||||
r-devel-linux-x86_64-debian-gcc | 0.1.0 | 2.05 | 23.30 | 25.35 | NOTE | |
r-devel-linux-x86_64-fedora-clang | 0.1.0 | 43.21 | NOTE | |||
r-devel-linux-x86_64-fedora-gcc | 0.1.0 | 53.57 | NOTE | |||
r-devel-windows-x86_64 | 0.1.0 | 4.00 | 46.00 | 50.00 | NOTE | |
r-patched-linux-x86_64 | 0.1.0 | 2.44 | 28.18 | 30.62 | NOTE | |
r-release-linux-x86_64 | 0.1.0 | 2.53 | 29.04 | 31.57 | NOTE | |
r-release-macos-arm64 | 0.1.0 | 22.00 | NOTE | |||
r-release-macos-x86_64 | 0.1.0 | 35.00 | NOTE | |||
r-release-windows-x86_64 | 0.1.0 | 4.00 | 46.00 | 50.00 | NOTE | |
r-oldrel-macos-arm64 | 0.1.0 | 22.00 | OK | |||
r-oldrel-macos-x86_64 | 0.1.0 | 35.00 | OK | |||
r-oldrel-windows-x86_64 | 0.1.0 | 4.00 | 48.00 | 52.00 | OK |
Version: 0.1.0
Check: Rd files
Result: NOTE
checkRd: (-1) tw_options.Rd:22: Lost braces in \itemize; meant \describe ?
Flavors: r-devel-linux-x86_64-debian-clang, r-devel-linux-x86_64-debian-gcc, r-devel-linux-x86_64-fedora-clang, r-devel-linux-x86_64-fedora-gcc, r-devel-windows-x86_64, r-patched-linux-x86_64, r-release-linux-x86_64, r-release-macos-arm64, r-release-macos-x86_64, r-release-windows-x86_64