Last updated on 2024-07-13 11:49:26 CEST.
Flavor | Version | Tinstall | Tcheck | Ttotal | Status | Flags |
---|---|---|---|---|---|---|
r-devel-linux-x86_64-debian-clang | 2.10.5 | 3.83 | 121.80 | 125.63 | OK | |
r-devel-linux-x86_64-debian-gcc | 2.10.5 | 3.05 | 91.57 | 94.62 | OK | |
r-devel-linux-x86_64-fedora-clang | 2.10.5 | 164.78 | OK | |||
r-devel-linux-x86_64-fedora-gcc | 2.10.5 | 176.66 | OK | |||
r-devel-windows-x86_64 | 2.10.5 | 7.00 | 92.00 | 99.00 | OK | |
r-patched-linux-x86_64 | 2.10.5 | 4.74 | 117.26 | 122.00 | OK | |
r-release-linux-x86_64 | 2.10.5 | 4.98 | 113.78 | 118.76 | OK | |
r-release-macos-arm64 | 2.10.5 | 78.00 | OK | |||
r-release-macos-x86_64 | 2.10.5 | 164.00 | OK | |||
r-release-windows-x86_64 | 2.10.5 | 8.00 | 92.00 | 100.00 | OK | |
r-oldrel-macos-arm64 | 2.10.5 | 67.00 | ERROR | |||
r-oldrel-macos-x86_64 | 2.10.5 | 136.00 | ERROR | |||
r-oldrel-windows-x86_64 | 2.10.5 | 10.00 | 110.00 | 120.00 | OK |
Version: 2.10.5
Check: running R code from vignettes
Result: ERROR
Errors in running code in vignettes:
when running code in ‘illus.rmd’
...
> varfcn(expt1, ~FO(x1, x2, x3))
> varfcn(expt1, ~FO(x1, x2, x3), contour = TRUE)
> varfcn(expt1, ~SO(x1, x2, x3))
When sourcing ‘illus.R’:
Error: Lapack routine dgesv: system is exactly singular: U[5,5] = 0
Execution halted
‘article-JSS.rmd’ using ‘UTF-8’... [1s/1s] OK
‘illus.rmd’ using ‘UTF-8’... failed
‘plots.rmd’ using ‘UTF-8’... [1s/1s] OK
Flavor: r-oldrel-macos-arm64
Version: 2.10.5
Check: running R code from vignettes
Result: ERROR
Errors in running code in vignettes:
when running code in ‘illus.rmd’
...
> varfcn(expt1, ~FO(x1, x2, x3))
> varfcn(expt1, ~FO(x1, x2, x3), contour = TRUE)
> varfcn(expt1, ~SO(x1, x2, x3))
When sourcing ‘illus.R’:
Error: Lapack routine dgesv: system is exactly singular: U[5,5] = 0
Execution halted
‘article-JSS.rmd’ using ‘UTF-8’... [2s/3s] OK
‘illus.rmd’ using ‘UTF-8’... failed
‘plots.rmd’ using ‘UTF-8’... [2s/4s] OK
Flavor: r-oldrel-macos-x86_64