Last updated on 2024-06-27 10:49:41 CEST.
Flavor | Version | Tinstall | Tcheck | Ttotal | Status | Flags |
---|---|---|---|---|---|---|
r-devel-linux-x86_64-debian-clang | 3.0.0 | NOTE | ||||
r-devel-linux-x86_64-debian-gcc | 3.0.0 | 45.35 | 42.28 | 87.63 | NOTE | |
r-devel-linux-x86_64-fedora-clang | 3.0.0 | 158.05 | NOTE | |||
r-devel-linux-x86_64-fedora-gcc | 3.0.0 | 167.57 | NOTE | |||
r-devel-windows-x86_64 | 3.0.0 | 46.00 | 84.00 | 130.00 | NOTE | |
r-patched-linux-x86_64 | 3.0.0 | 55.28 | 53.76 | 109.04 | OK | |
r-release-linux-x86_64 | 3.0.0 | 57.65 | 54.09 | 111.74 | OK | |
r-release-macos-arm64 | 3.0.0 | 49.00 | OK | |||
r-release-macos-x86_64 | 3.0.0 | 80.00 | OK | |||
r-release-windows-x86_64 | 3.0.0 | 49.00 | 86.00 | 135.00 | OK | |
r-oldrel-macos-arm64 | 3.0.0 | 61.00 | OK | |||
r-oldrel-macos-x86_64 | 3.0.0 | 119.00 | OK | |||
r-oldrel-windows-x86_64 | 3.0.0 | 58.00 | 87.00 | 145.00 | OK |
Version: 3.0.0
Check: compiled code
Result: NOTE
File ‘rshift/libs/rshift.so’:
Found non-API calls to R: ‘PRCODE’, ‘PRENV’
Compiled code should not call non-API entry points in R.
See ‘Writing portable packages’ in the ‘Writing R Extensions’ manual.
Flavors: r-devel-linux-x86_64-debian-clang, r-devel-linux-x86_64-fedora-clang, r-devel-linux-x86_64-fedora-gcc
Version: 3.0.0
Check: compiled code
Result: NOTE
File ‘rshift/libs/rshift.so’:
Found non-API calls to R: ‘PRCODE’, ‘PRENV’
Compiled code should not call non-API entry points in R.
See ‘Writing portable packages’ in the ‘Writing R Extensions’ manual.
See section ‘Moving into C API compliance’ in the ‘Writing R
Extensions’ manual for issues with use of non-API entry points.
Flavor: r-devel-linux-x86_64-debian-gcc
Version: 3.0.0
Check: compiled code
Result: NOTE
File 'rshift/libs/x64/rshift.dll':
Found non-API calls to R: 'PRCODE', 'PRENV'
Compiled code should not call non-API entry points in R.
See 'Writing portable packages' in the 'Writing R Extensions' manual.
Flavor: r-devel-windows-x86_64