Last updated on 2024-07-13 11:49:26 CEST.
Flavor | Version | Tinstall | Tcheck | Ttotal | Status | Flags |
---|---|---|---|---|---|---|
r-devel-linux-x86_64-debian-clang | 0.5.1 | 88.11 | 57.16 | 145.27 | OK | |
r-devel-linux-x86_64-debian-gcc | 0.5.1 | 64.29 | 43.99 | 108.28 | OK | |
r-devel-linux-x86_64-fedora-clang | 0.5.1 | 202.36 | OK | |||
r-devel-linux-x86_64-fedora-gcc | 0.5.1 | 221.69 | OK | |||
r-devel-windows-x86_64 | 0.5.1 | 71.00 | 90.00 | 161.00 | NOTE | |
r-patched-linux-x86_64 | 0.5.1 | 86.03 | 55.66 | 141.69 | OK | |
r-release-linux-x86_64 | 0.5.1 | 81.08 | 55.85 | 136.93 | OK | |
r-release-macos-arm64 | 0.5.1 | 49.00 | NOTE | |||
r-release-macos-x86_64 | 0.5.1 | 67.00 | NOTE | |||
r-release-windows-x86_64 | 0.5.1 | 72.00 | 88.00 | 160.00 | NOTE | |
r-oldrel-macos-arm64 | 0.5.1 | 55.00 | NOTE | |||
r-oldrel-macos-x86_64 | 0.5.1 | 96.00 | NOTE | |||
r-oldrel-windows-x86_64 | 0.5.1 | 86.00 | 102.00 | 188.00 | NOTE |
Version: 0.5.1
Check: installed package size
Result: NOTE
installed size is 5.1Mb
sub-directories of 1Mb or more:
data 2.3Mb
libs 1.3Mb
Flavors: r-devel-windows-x86_64, r-release-macos-arm64, r-release-macos-x86_64, r-release-windows-x86_64, r-oldrel-macos-arm64, r-oldrel-macos-x86_64, r-oldrel-windows-x86_64