Last updated on 2024-07-13 05:49:25 CEST.
Flavor | Version | Tinstall | Tcheck | Ttotal | Status | Flags |
---|---|---|---|---|---|---|
r-devel-linux-x86_64-debian-clang | 1.0.14 | 178.44 | 100.08 | 278.52 | OK | |
r-devel-linux-x86_64-debian-gcc | 1.0.14 | 139.57 | 79.87 | 219.44 | OK | |
r-devel-linux-x86_64-fedora-clang | 1.0.14 | 387.72 | OK | |||
r-devel-linux-x86_64-fedora-gcc | 1.0.14 | 450.23 | OK | |||
r-devel-windows-x86_64 | 1.0.14 | 134.00 | 133.00 | 267.00 | OK | |
r-patched-linux-x86_64 | 1.0.14 | 160.56 | 105.50 | 266.06 | OK | |
r-release-linux-x86_64 | 1.0.14 | 156.21 | 103.21 | 259.42 | OK | |
r-release-macos-arm64 | 1.0.14 | 91.00 | NOTE | |||
r-release-macos-x86_64 | 1.0.14 | 116.00 | NOTE | |||
r-release-windows-x86_64 | 1.0.14 | 137.00 | 131.00 | 268.00 | OK | |
r-oldrel-macos-arm64 | 1.0.14 | 96.00 | NOTE | |||
r-oldrel-macos-x86_64 | 1.0.14 | 143.00 | NOTE | |||
r-oldrel-windows-x86_64 | 1.0.14 | 168.00 | 151.00 | 319.00 | OK |
Version: 1.0.14
Check: installed package size
Result: NOTE
installed size is 26.6Mb
sub-directories of 1Mb or more:
libs 25.7Mb
Flavors: r-release-macos-arm64, r-release-macos-x86_64, r-oldrel-macos-arm64, r-oldrel-macos-x86_64