Last updated on 2024-06-27 16:49:14 CEST.
Flavor | Version | Tinstall | Tcheck | Ttotal | Status | Flags |
---|---|---|---|---|---|---|
r-devel-linux-x86_64-debian-clang | 4.0.0 | OK | ||||
r-devel-linux-x86_64-debian-gcc | 4.0.0 | 194.36 | 497.33 | 691.69 | OK | |
r-devel-linux-x86_64-fedora-clang | 4.0.0 | 1208.67 | NOTE | |||
r-devel-linux-x86_64-fedora-gcc | 4.0.0 | 1198.70 | OK | |||
r-devel-windows-x86_64 | 4.0.0 | 193.00 | 573.00 | 766.00 | NOTE | |
r-patched-linux-x86_64 | 4.0.0 | 234.21 | 673.49 | 907.70 | OK | |
r-release-linux-x86_64 | 4.0.0 | 216.21 | 657.21 | 873.42 | OK | |
r-release-macos-arm64 | 4.0.0 | 292.00 | NOTE | |||
r-release-macos-x86_64 | 4.0.0 | 618.00 | NOTE | |||
r-release-windows-x86_64 | 4.0.0 | 193.00 | 582.00 | 775.00 | NOTE | |
r-oldrel-macos-arm64 | 4.0.0 | 294.00 | NOTE | |||
r-oldrel-macos-x86_64 | 4.0.0 | 622.00 | NOTE | |||
r-oldrel-windows-x86_64 | 4.0.0 | 258.00 | 689.00 | 947.00 | NOTE |
Version: 4.0.0
Check: installed package size
Result: NOTE
installed size is 6.9Mb
sub-directories of 1Mb or more:
R 4.6Mb
libs 1.1Mb
Flavors: r-devel-linux-x86_64-fedora-clang, r-devel-windows-x86_64, r-release-macos-arm64, r-release-macos-x86_64, r-release-windows-x86_64, r-oldrel-macos-arm64, r-oldrel-macos-x86_64, r-oldrel-windows-x86_64