Last updated on 2024-07-13 05:49:25 CEST.
Flavor | Version | Tinstall | Tcheck | Ttotal | Status | Flags |
---|---|---|---|---|---|---|
r-devel-linux-x86_64-debian-clang | 0.1.6 | 39.20 | 34.51 | 73.71 | NOTE | |
r-devel-linux-x86_64-debian-gcc | 0.1.6 | 28.73 | 26.26 | 54.99 | NOTE | |
r-devel-linux-x86_64-fedora-clang | 0.1.6 | 102.51 | NOTE | |||
r-devel-linux-x86_64-fedora-gcc | 0.1.6 | 115.28 | NOTE | |||
r-devel-windows-x86_64 | 0.1.6 | 30.00 | 69.00 | 99.00 | NOTE | |
r-patched-linux-x86_64 | 0.1.6 | 31.74 | 32.16 | 63.90 | NOTE | |
r-release-linux-x86_64 | 0.1.6 | 28.06 | 32.11 | 60.17 | NOTE | |
r-release-macos-arm64 | 0.1.6 | 32.00 | NOTE | |||
r-release-macos-x86_64 | 0.1.6 | 50.00 | NOTE | |||
r-release-windows-x86_64 | 0.1.6 | 30.00 | 66.00 | 96.00 | NOTE | |
r-oldrel-macos-arm64 | 0.1.6 | 35.00 | NOTE | |||
r-oldrel-macos-x86_64 | 0.1.6 | 57.00 | NOTE | |||
r-oldrel-windows-x86_64 | 0.1.6 | 38.00 | 76.00 | 114.00 | NOTE |
Version: 0.1.6
Check: C++ specification
Result: NOTE
Specified C++11: please drop specification unless essential
Flavors: r-devel-linux-x86_64-debian-clang, r-devel-linux-x86_64-debian-gcc, r-devel-linux-x86_64-fedora-clang, r-devel-linux-x86_64-fedora-gcc, r-devel-windows-x86_64, r-patched-linux-x86_64, r-release-linux-x86_64, r-release-macos-arm64, r-release-macos-x86_64, r-release-windows-x86_64, r-oldrel-macos-arm64, r-oldrel-macos-x86_64, r-oldrel-windows-x86_64