Last updated on 2024-06-27 16:49:14 CEST.
Flavor | Version | Tinstall | Tcheck | Ttotal | Status | Flags |
---|---|---|---|---|---|---|
r-devel-linux-x86_64-debian-clang | 1.0 | NOTE | ||||
r-devel-linux-x86_64-debian-gcc | 1.0 | 7.51 | 60.24 | 67.75 | NOTE | |
r-devel-linux-x86_64-fedora-clang | 1.0 | 112.87 | NOTE | |||
r-devel-linux-x86_64-fedora-gcc | 1.0 | 120.03 | NOTE | |||
r-devel-windows-x86_64 | 1.0 | 9.00 | 76.00 | 85.00 | NOTE | |
r-patched-linux-x86_64 | 1.0 | 8.72 | 77.43 | 86.15 | NOTE | |
r-release-linux-x86_64 | 1.0 | 8.41 | 77.77 | 86.18 | NOTE | |
r-release-macos-arm64 | 1.0 | 38.00 | NOTE | |||
r-release-macos-x86_64 | 1.0 | 65.00 | NOTE | |||
r-release-windows-x86_64 | 1.0 | 9.00 | 77.00 | 86.00 | NOTE | |
r-oldrel-macos-arm64 | 1.0 | 40.00 | NOTE | |||
r-oldrel-macos-x86_64 | 1.0 | 60.00 | NOTE | |||
r-oldrel-windows-x86_64 | 1.0 | 11.00 | 87.00 | 98.00 | NOTE |
Version: 1.0
Check: LazyData
Result: NOTE
'LazyData' is specified without a 'data' directory
Flavors: r-devel-linux-x86_64-debian-clang, r-devel-linux-x86_64-debian-gcc, r-devel-linux-x86_64-fedora-clang, r-devel-linux-x86_64-fedora-gcc, r-devel-windows-x86_64, r-patched-linux-x86_64, r-release-linux-x86_64, r-release-macos-arm64, r-release-macos-x86_64, r-release-windows-x86_64, r-oldrel-macos-arm64, r-oldrel-macos-x86_64, r-oldrel-windows-x86_64