Last updated on 2024-07-13 11:49:26 CEST.
Flavor | Version | Tinstall | Tcheck | Ttotal | Status | Flags |
---|---|---|---|---|---|---|
r-devel-linux-x86_64-debian-clang | 1.0.0 | 52.70 | 217.57 | 270.27 | NOTE | |
r-devel-linux-x86_64-debian-gcc | 1.0.0 | 38.83 | 153.70 | 192.53 | NOTE | |
r-devel-linux-x86_64-fedora-clang | 1.0.0 | 345.33 | NOTE | |||
r-devel-linux-x86_64-fedora-gcc | 1.0.0 | 330.99 | NOTE | |||
r-devel-windows-x86_64 | 1.0.0 | 49.00 | 177.00 | 226.00 | OK | |
r-patched-linux-x86_64 | 1.0.0 | 31.73 | 202.16 | 233.89 | NOTE | |
r-release-linux-x86_64 | 1.0.0 | 33.60 | 204.96 | 238.56 | NOTE | |
r-release-macos-arm64 | 1.0.0 | 83.00 | NOTE | |||
r-release-macos-x86_64 | 1.0.0 | 119.00 | NOTE | |||
r-release-windows-x86_64 | 1.0.0 | 46.00 | 176.00 | 222.00 | OK | |
r-oldrel-macos-arm64 | 1.0.0 | 99.00 | NOTE | |||
r-oldrel-macos-x86_64 | 1.0.0 | 149.00 | NOTE | |||
r-oldrel-windows-x86_64 | 1.0.0 | 59.00 | 226.00 | 285.00 | OK |
Version: 1.0.0
Check: C++ specification
Result: NOTE
Specified C++11: please drop specification unless essential
Flavors: r-devel-linux-x86_64-debian-clang, r-devel-linux-x86_64-debian-gcc, r-devel-linux-x86_64-fedora-clang, r-devel-linux-x86_64-fedora-gcc, r-patched-linux-x86_64, r-release-linux-x86_64, r-release-macos-arm64, r-release-macos-x86_64, r-oldrel-macos-arm64, r-oldrel-macos-x86_64