Last updated on 2024-07-13 11:49:26 CEST.
Flavor | Version | Tinstall | Tcheck | Ttotal | Status | Flags |
---|---|---|---|---|---|---|
r-devel-linux-x86_64-debian-clang | 2.1 | 4.16 | 33.18 | 37.34 | NOTE | |
r-devel-linux-x86_64-debian-gcc | 2.1 | 2.44 | 25.30 | 27.74 | NOTE | |
r-devel-linux-x86_64-fedora-clang | 2.1 | 48.72 | NOTE | |||
r-devel-linux-x86_64-fedora-gcc | 2.1 | 57.76 | NOTE | |||
r-devel-windows-x86_64 | 2.1 | 5.00 | 49.00 | 54.00 | NOTE | |
r-patched-linux-x86_64 | 2.1 | 3.02 | 32.44 | 35.46 | NOTE | |
r-release-linux-x86_64 | 2.1 | 2.91 | 32.60 | 35.51 | NOTE | |
r-release-macos-arm64 | 2.1 | 23.00 | NOTE | |||
r-release-macos-x86_64 | 2.1 | 34.00 | NOTE | |||
r-release-windows-x86_64 | 2.1 | 4.00 | 49.00 | 53.00 | NOTE | |
r-oldrel-macos-arm64 | 2.1 | 22.00 | OK | |||
r-oldrel-macos-x86_64 | 2.1 | 34.00 | OK | |||
r-oldrel-windows-x86_64 | 2.1 | 4.00 | 50.00 | 54.00 | OK |
Version: 2.1
Check: Rd files
Result: NOTE
checkRd: (-1) predict.robu.Rd:36-42: Lost braces in \itemize; meant \describe ?
checkRd: (-1) predict.robu.Rd:43-49: Lost braces in \itemize; meant \describe ?
checkRd: (-1) predict.robu.Rd:50-55: Lost braces in \itemize; meant \describe ?
Flavors: r-devel-linux-x86_64-debian-clang, r-devel-linux-x86_64-debian-gcc, r-devel-linux-x86_64-fedora-clang, r-devel-linux-x86_64-fedora-gcc, r-devel-windows-x86_64, r-patched-linux-x86_64, r-release-linux-x86_64, r-release-macos-arm64, r-release-macos-x86_64, r-release-windows-x86_64
Version: 2.1
Check: data for non-ASCII characters
Result: NOTE
Note: found 6 marked UTF-8 strings
Flavors: r-devel-linux-x86_64-fedora-clang, r-devel-linux-x86_64-fedora-gcc