Last updated on 2024-06-27 16:49:14 CEST.
Flavor | Version | Tinstall | Tcheck | Ttotal | Status | Flags |
---|---|---|---|---|---|---|
r-devel-linux-x86_64-debian-clang | 0.1.1 | OK | ||||
r-devel-linux-x86_64-debian-gcc | 0.1.1 | 172.38 | 42.05 | 214.43 | OK | |
r-devel-linux-x86_64-fedora-clang | 0.1.1 | 481.21 | OK | |||
r-devel-linux-x86_64-fedora-gcc | 0.1.1 | 493.66 | OK | |||
r-devel-windows-x86_64 | 0.1.1 | 195.00 | 84.00 | 279.00 | OK | |
r-patched-linux-x86_64 | 0.1.1 | 215.12 | 56.10 | 271.22 | OK | |
r-release-linux-x86_64 | 0.1.1 | 220.24 | 56.35 | 276.59 | OK | |
r-release-macos-arm64 | 0.1.1 | 86.00 | NOTE | |||
r-release-macos-x86_64 | 0.1.1 | 85.00 | NOTE | |||
r-release-windows-x86_64 | 0.1.1 | 203.00 | 86.00 | 289.00 | OK | |
r-oldrel-macos-arm64 | 0.1.1 | 86.00 | NOTE | |||
r-oldrel-macos-x86_64 | 0.1.1 | 113.00 | NOTE | |||
r-oldrel-windows-x86_64 | 0.1.1 | 239.00 | 98.00 | 337.00 | OK |
Version: 0.1.1
Check: installed package size
Result: NOTE
installed size is 8.6Mb
sub-directories of 1Mb or more:
libs 8.1Mb
Flavors: r-release-macos-arm64, r-release-macos-x86_64, r-oldrel-macos-arm64, r-oldrel-macos-x86_64