Last updated on 2024-06-27 16:49:13 CEST.
Flavor | Version | Tinstall | Tcheck | Ttotal | Status | Flags |
---|---|---|---|---|---|---|
r-devel-linux-x86_64-debian-clang | 0.2.3 | NOTE | ||||
r-devel-linux-x86_64-debian-gcc | 0.2.3 | 2.27 | 26.74 | 29.01 | NOTE | |
r-devel-linux-x86_64-fedora-clang | 0.2.3 | 47.17 | NOTE | |||
r-devel-linux-x86_64-fedora-gcc | 0.2.3 | 44.93 | NOTE | |||
r-devel-windows-x86_64 | 0.2.3 | 3.00 | 50.00 | 53.00 | NOTE | |
r-patched-linux-x86_64 | 0.2.3 | 3.42 | 32.81 | 36.23 | NOTE | |
r-release-linux-x86_64 | 0.2.3 | 2.89 | 33.69 | 36.58 | NOTE | |
r-release-macos-arm64 | 0.2.3 | 16.00 | NOTE | |||
r-release-macos-x86_64 | 0.2.3 | 30.00 | NOTE | |||
r-release-windows-x86_64 | 0.2.3 | 3.00 | 51.00 | 54.00 | NOTE | |
r-oldrel-macos-arm64 | 0.2.3 | 21.00 | OK | |||
r-oldrel-macos-x86_64 | 0.2.3 | 46.00 | OK | |||
r-oldrel-windows-x86_64 | 0.2.3 | 3.00 | 54.00 | 57.00 | OK |
Version: 0.2.3
Check: Rd files
Result: NOTE
checkRd: (-1) correct_sign.Rd:23: Lost braces in \itemize; \value handles \item{}{} directly
checkRd: (-1) correct_sign.Rd:24: Lost braces in \itemize; \value handles \item{}{} directly
Flavors: r-devel-linux-x86_64-debian-clang, r-devel-linux-x86_64-debian-gcc, r-devel-linux-x86_64-fedora-clang, r-devel-linux-x86_64-fedora-gcc, r-devel-windows-x86_64, r-patched-linux-x86_64, r-release-linux-x86_64, r-release-macos-arm64, r-release-macos-x86_64, r-release-windows-x86_64