Last updated on 2024-06-27 16:49:13 CEST.
Flavor | Version | Tinstall | Tcheck | Ttotal | Status | Flags |
---|---|---|---|---|---|---|
r-devel-linux-x86_64-debian-clang | 1.3.1 | NOTE | ||||
r-devel-linux-x86_64-debian-gcc | 1.3.1 | 107.36 | 202.86 | 310.22 | NOTE | |
r-devel-linux-x86_64-fedora-clang | 1.3.1 | 562.25 | NOTE | |||
r-devel-linux-x86_64-fedora-gcc | 1.3.1 | 583.91 | NOTE | |||
r-devel-windows-x86_64 | 1.3.1 | 196.00 | 240.00 | 436.00 | NOTE | |
r-patched-linux-x86_64 | 1.3.1 | 148.14 | 265.25 | 413.39 | OK | |
r-release-linux-x86_64 | 1.3.1 | 145.24 | 269.56 | 414.80 | OK | |
r-release-macos-arm64 | 1.3.1 | 347.00 | NOTE | |||
r-release-macos-x86_64 | 1.3.1 | 297.00 | NOTE | |||
r-release-windows-x86_64 | 1.3.1 | 207.00 | 240.00 | 447.00 | NOTE | |
r-oldrel-macos-arm64 | 1.3.1 | 350.00 | NOTE | |||
r-oldrel-macos-x86_64 | 1.3.1 | 384.00 | NOTE | |||
r-oldrel-windows-x86_64 | 1.3.1 | 231.00 | 303.00 | 534.00 | NOTE |
Version: 1.3.1
Check: compiled code
Result: NOTE
File ‘rgl/libs/rgl.so’:
Found non-API call to R: ‘R_InputHandlers’
Compiled code should not call non-API entry points in R.
See ‘Writing portable packages’ in the ‘Writing R Extensions’ manual.
Flavor: r-devel-linux-x86_64-debian-clang
Version: 1.3.1
Check: compiled code
Result: NOTE
File ‘rgl/libs/rgl.so’:
Found non-API call to R: ‘R_InputHandlers’
Compiled code should not call non-API entry points in R.
See ‘Writing portable packages’ in the ‘Writing R Extensions’ manual.
See section ‘Moving into C API compliance’ in the ‘Writing R
Extensions’ manual for issues with use of non-API entry points.
Flavors: r-devel-linux-x86_64-debian-gcc, r-devel-linux-x86_64-fedora-clang, r-devel-linux-x86_64-fedora-gcc
Version: 1.3.1
Check: installed package size
Result: NOTE
installed size is 8.3Mb
sub-directories of 1Mb or more:
doc 3.0Mb
fonts 1.5Mb
Flavors: r-devel-linux-x86_64-fedora-clang, r-devel-windows-x86_64, r-release-macos-arm64, r-release-macos-x86_64, r-release-windows-x86_64, r-oldrel-macos-arm64, r-oldrel-macos-x86_64, r-oldrel-windows-x86_64
Version: 1.3.1
Check: for detritus in the temp directory
Result: NOTE
Found the following files/directories:
‘Crashpad’
Flavors: r-devel-linux-x86_64-fedora-clang, r-devel-linux-x86_64-fedora-gcc