Last updated on 2024-07-13 05:49:24 CEST.
Flavor | Version | Tinstall | Tcheck | Ttotal | Status | Flags |
---|---|---|---|---|---|---|
r-devel-linux-x86_64-debian-clang | 2.0.0 | 1.55 | 23.50 | 25.05 | OK | |
r-devel-linux-x86_64-debian-gcc | 2.0.0 | 1.57 | 18.20 | 19.77 | OK | |
r-devel-linux-x86_64-fedora-clang | 2.0.0 | 32.68 | NOTE | |||
r-devel-linux-x86_64-fedora-gcc | 2.0.0 | 30.49 | OK | |||
r-devel-windows-x86_64 | 2.0.0 | 2.00 | 40.00 | 42.00 | OK | |
r-patched-linux-x86_64 | 2.0.0 | 2.15 | 22.20 | 24.35 | OK | |
r-release-linux-x86_64 | 2.0.0 | 2.02 | 22.68 | 24.70 | OK | |
r-release-macos-arm64 | 2.0.0 | 16.00 | OK | |||
r-release-macos-x86_64 | 2.0.0 | 29.00 | OK | |||
r-release-windows-x86_64 | 2.0.0 | 3.00 | 40.00 | 43.00 | OK | |
r-oldrel-macos-arm64 | 2.0.0 | 24.00 | OK | |||
r-oldrel-macos-x86_64 | 2.0.0 | 37.00 | OK | |||
r-oldrel-windows-x86_64 | 2.0.0 | 3.00 | 41.00 | 44.00 | OK |
Version: 2.0.0
Check: Rd cross-references
Result: NOTE
Undeclared package ‘robustbase’ in Rd xrefs
Flavor: r-devel-linux-x86_64-fedora-clang