Last updated on 2024-07-13 05:49:24 CEST.
Flavor | Version | Tinstall | Tcheck | Ttotal | Status | Flags |
---|---|---|---|---|---|---|
r-devel-linux-x86_64-debian-clang | 0.1 | 6.05 | 66.90 | 72.95 | NOTE | |
r-devel-linux-x86_64-debian-gcc | 0.1 | 4.08 | 48.94 | 53.02 | NOTE | |
r-devel-linux-x86_64-fedora-clang | 0.1 | 89.24 | NOTE | |||
r-devel-linux-x86_64-fedora-gcc | 0.1 | 82.54 | NOTE | |||
r-devel-windows-x86_64 | 0.1 | 7.00 | 68.00 | 75.00 | NOTE | |
r-patched-linux-x86_64 | 0.1 | 4.17 | 65.14 | 69.31 | NOTE | |
r-release-linux-x86_64 | 0.1 | 4.58 | 62.89 | 67.47 | NOTE | |
r-release-macos-arm64 | 0.1 | 25.00 | NOTE | |||
r-release-macos-x86_64 | 0.1 | 41.00 | NOTE | |||
r-release-windows-x86_64 | 0.1 | 6.00 | 68.00 | 74.00 | NOTE | |
r-oldrel-macos-arm64 | 0.1 | 27.00 | NOTE | |||
r-oldrel-macos-x86_64 | 0.1 | 38.00 | NOTE | |||
r-oldrel-windows-x86_64 | 0.1 | 8.00 | 78.00 | 86.00 | NOTE |
Version: 0.1
Check: LazyData
Result: NOTE
'LazyData' is specified without a 'data' directory
Flavors: r-devel-linux-x86_64-debian-clang, r-devel-linux-x86_64-debian-gcc, r-devel-linux-x86_64-fedora-clang, r-devel-linux-x86_64-fedora-gcc, r-devel-windows-x86_64, r-patched-linux-x86_64, r-release-linux-x86_64, r-release-macos-arm64, r-release-macos-x86_64, r-release-windows-x86_64, r-oldrel-macos-arm64, r-oldrel-macos-x86_64, r-oldrel-windows-x86_64
Version: 0.1
Check: dependencies in R code
Result: NOTE
Namespace in Imports field not imported from: ‘DT’
All declared Imports should be used.
Flavors: r-devel-linux-x86_64-fedora-clang, r-devel-linux-x86_64-fedora-gcc