Last updated on 2024-06-27 16:49:13 CEST.
Flavor | Version | Tinstall | Tcheck | Ttotal | Status | Flags |
---|---|---|---|---|---|---|
r-devel-linux-x86_64-debian-clang | 1.0.4 | NOTE | ||||
r-devel-linux-x86_64-debian-gcc | 1.0.4 | 7.53 | 59.43 | 66.96 | NOTE | |
r-devel-linux-x86_64-fedora-clang | 1.0.4 | 113.81 | NOTE | |||
r-devel-linux-x86_64-fedora-gcc | 1.0.4 | 118.26 | NOTE | |||
r-devel-windows-x86_64 | 1.0.4 | 9.00 | 97.00 | 106.00 | NOTE | |
r-patched-linux-x86_64 | 1.0.4 | 8.46 | 77.24 | 85.70 | NOTE | |
r-release-linux-x86_64 | 1.0.4 | 8.51 | 78.07 | 86.58 | NOTE | |
r-release-macos-arm64 | 1.0.4 | 38.00 | NOTE | |||
r-release-macos-x86_64 | 1.0.4 | 61.00 | NOTE | |||
r-release-windows-x86_64 | 1.0.4 | 10.00 | 98.00 | 108.00 | NOTE | |
r-oldrel-macos-arm64 | 1.0.4 | 37.00 | NOTE | |||
r-oldrel-macos-x86_64 | 1.0.4 | 52.00 | NOTE | |||
r-oldrel-windows-x86_64 | 1.0.4 | 11.00 | 105.00 | 116.00 | NOTE |
Version: 1.0.4
Check: Rd files
Result: NOTE
checkRd: (-1) rec.Rd:23: Escaped LaTeX specials: \$
Flavors: r-devel-linux-x86_64-debian-clang, r-devel-linux-x86_64-debian-gcc, r-devel-linux-x86_64-fedora-clang, r-devel-linux-x86_64-fedora-gcc, r-devel-windows-x86_64, r-patched-linux-x86_64, r-release-linux-x86_64, r-release-macos-arm64, r-release-macos-x86_64, r-release-windows-x86_64, r-oldrel-macos-arm64, r-oldrel-macos-x86_64, r-oldrel-windows-x86_64