Last updated on 2024-06-27 16:49:13 CEST.
Flavor | Version | Tinstall | Tcheck | Ttotal | Status | Flags |
---|---|---|---|---|---|---|
r-devel-linux-x86_64-debian-clang | 0.2.4 | NOTE | ||||
r-devel-linux-x86_64-debian-gcc | 0.2.4 | 68.16 | 44.47 | 112.63 | OK | |
r-devel-linux-x86_64-fedora-clang | 0.2.4 | 191.13 | OK | |||
r-devel-linux-x86_64-fedora-gcc | 0.2.4 | 238.28 | OK | |||
r-devel-windows-x86_64 | 0.2.4 | 65.00 | 85.00 | 150.00 | NOTE | |
r-patched-linux-x86_64 | 0.2.4 | 77.51 | 57.94 | 135.45 | NOTE | |
r-release-linux-x86_64 | 0.2.4 | 93.75 | 57.45 | 151.20 | NOTE | |
r-release-macos-arm64 | 0.2.4 | 50.00 | NOTE | |||
r-release-macos-x86_64 | 0.2.4 | 95.00 | NOTE | |||
r-release-windows-x86_64 | 0.2.4 | 66.00 | 85.00 | 151.00 | NOTE | |
r-oldrel-macos-arm64 | 0.2.4 | 66.00 | NOTE | |||
r-oldrel-macos-x86_64 | 0.2.4 | 102.00 | NOTE | |||
r-oldrel-windows-x86_64 | 0.2.4 | 80.00 | 91.00 | 171.00 | NOTE |
Version: 0.2.4
Check: re-building of vignette outputs
Result: NOTE
Re-building vignettes had CPU time 2.6 times elapsed time
Flavors: r-devel-linux-x86_64-debian-clang, r-release-linux-x86_64
Version: 0.2.4
Check: installed package size
Result: NOTE
installed size is 5.2Mb
sub-directories of 1Mb or more:
include 1.9Mb
libs 1.6Mb
models 1.6Mb
Flavors: r-devel-windows-x86_64, r-release-macos-arm64, r-release-macos-x86_64, r-release-windows-x86_64, r-oldrel-macos-arm64, r-oldrel-macos-x86_64, r-oldrel-windows-x86_64
Version: 0.2.4
Check: re-building of vignette outputs
Result: NOTE
Re-building vignettes had CPU time 2.5 times elapsed time
Flavor: r-patched-linux-x86_64