Last updated on 2024-06-27 16:49:13 CEST.
Flavor | Version | Tinstall | Tcheck | Ttotal | Status | Flags |
---|---|---|---|---|---|---|
r-devel-linux-x86_64-debian-clang | 2.2.3 | OK | ||||
r-devel-linux-x86_64-debian-gcc | 2.2.3 | 64.01 | 271.86 | 335.87 | OK | |
r-devel-linux-x86_64-fedora-clang | 2.2.3 | 512.97 | OK | |||
r-devel-linux-x86_64-fedora-gcc | 2.2.3 | 582.64 | OK | |||
r-devel-windows-x86_64 | 2.2.3 | 65.00 | 323.00 | 388.00 | OK | |
r-patched-linux-x86_64 | 2.2.3 | 73.83 | 339.76 | 413.59 | OK | |
r-release-linux-x86_64 | 2.2.3 | 77.71 | 351.14 | 428.85 | OK | |
r-release-macos-arm64 | 2.2.3 | 179.00 | NOTE | |||
r-release-macos-x86_64 | 2.2.3 | 304.00 | NOTE | |||
r-release-windows-x86_64 | 2.2.3 | 66.00 | 337.00 | 403.00 | OK | |
r-oldrel-macos-arm64 | 2.2.3 | 186.00 | NOTE | |||
r-oldrel-macos-x86_64 | 2.2.3 | 497.00 | NOTE | |||
r-oldrel-windows-x86_64 | 2.2.3 | 84.00 | 387.00 | 471.00 | OK |
Version: 2.2.3
Check: installed package size
Result: NOTE
installed size is 9.3Mb
sub-directories of 1Mb or more:
doc 1.9Mb
libs 6.8Mb
Flavors: r-release-macos-arm64, r-release-macos-x86_64, r-oldrel-macos-arm64, r-oldrel-macos-x86_64