Last updated on 2024-06-27 16:49:13 CEST.
Flavor | Version | Tinstall | Tcheck | Ttotal | Status | Flags |
---|---|---|---|---|---|---|
r-devel-linux-x86_64-debian-clang | 0.5.8 | OK | ||||
r-devel-linux-x86_64-debian-gcc | 0.5.8 | 10.41 | 87.49 | 97.90 | OK | |
r-devel-linux-x86_64-fedora-clang | 0.5.8 | 167.57 | OK | |||
r-devel-linux-x86_64-fedora-gcc | 0.5.8 | 192.52 | OK | |||
r-devel-windows-x86_64 | 0.5.8 | 11.00 | 376.00 | 387.00 | ERROR | |
r-patched-linux-x86_64 | 0.5.8 | 10.71 | 117.03 | 127.74 | OK | |
r-release-linux-x86_64 | 0.5.8 | 11.08 | 117.15 | 128.23 | OK | |
r-release-macos-arm64 | 0.5.8 | 61.00 | OK | |||
r-release-macos-x86_64 | 0.5.8 | 88.00 | OK | |||
r-release-windows-x86_64 | 0.5.8 | 12.00 | 373.00 | 385.00 | OK | |
r-oldrel-macos-arm64 | 0.5.8 | 61.00 | OK | |||
r-oldrel-macos-x86_64 | 0.5.8 | 102.00 | OK | |||
r-oldrel-windows-x86_64 | 0.5.8 | 15.00 | 459.00 | 474.00 | ERROR |
Version: 0.5.8
Check: tests
Result: ERROR
Running 'testthat.R' [261s]
Running the tests in 'tests/testthat.R' failed.
Complete output:
> # Generate snapshots only on Windows to avoid having to generate snapshot variant
> # corresponding to each OS (#312).
> #
> # This is especially important for Bayesian models where the results can be different
> # across OS, and there is no way to specify a threshold when it comes to snapshots
> # since the values included are of character type.
> if (tolower(Sys.info()[["sysname"]]) == "windows") {
+ library(testthat)
+
+ test_check("report")
+ }
Loading required package: report
Start sampling
boundary (singular) fit: see help('isSingular')
[ FAIL 1 | WARN 16 | SKIP 42 | PASS 113 ]
══ Skipped tests (42) ══════════════════════════════════════════════════════════
• On CRAN (41): 'test-report.aov.R:64:3', 'test-report.brmsfit.R:17:3',
'test-report.data.frame.R:37:3', 'test-report.data.frame.R:76:3',
'test-report.data.frame.R:87:3', 'test-report.data.frame.R:94:3',
'test-report.htest-chi2.R:6:3', 'test-report.htest-chi2.R:108:3',
'test-report.htest-correlation.R:17:3', 'test-report.htest-fisher.R:12:3',
'test-report.htest-friedman.R:11:3', 'test-report.htest-kruskal.R:5:3',
'test-report.htest-t-test.R:23:3', 'test-report.ivreg.R:13:3',
'test-report.lavaan.R:12:3', 'test-report.lavaan.R:16:3',
'test-report.lavaan.R:20:3', 'test-report.lm.R:22:3',
'test-report.lm.R:40:3', 'test-report.lmer.R:20:3',
'test-report.stanreg.R:34:3', 'test-report.survreg.R:10:3',
'test-report_participants.R:51:3', 'test-report_participants.R:131:3',
'test-report_participants.R:155:3', 'test-report_participants.R:171:3',
'test-report_performance.R:79:3', 'test-report_performance.R:120:3',
'test-report_s.R:2:3', 'test-report_sample.R:57:3',
'test-report_sample.R:72:3', 'test-report_sample.R:92:3',
'test-report_sample.R:127:3', 'test-report_sample.R:142:3',
'test-report_sample.R:169:3', 'test-report_sample.R:184:3',
'test-report_sample.R:199:3', 'test-report_sample.R:226:3',
'test-report_sample.R:241:3', 'test-report_sample.R:266:3',
'test-report_sample.R:289:3'
• Skipping because of a .1 decimal difference in snapshots (1):
'test-report.lm.R:6:3'
══ Failed tests ════════════════════════════════════════════════════════════════
── Error ('test-report.htest-wilcox.R:7:3'): report.htest-wilcox ───────────────
Error in `abs(r)`: non-numeric argument to mathematical function
Backtrace:
▆
1. └─testthat::expect_snapshot(...) at test-report.htest-wilcox.R:7:3
2. └─rlang::cnd_signal(state$error)
[ FAIL 1 | WARN 16 | SKIP 42 | PASS 113 ]
Error: Test failures
Execution halted
Flavor: r-devel-windows-x86_64
Version: 0.5.8
Check: tests
Result: ERROR
Running 'testthat.R' [326s]
Running the tests in 'tests/testthat.R' failed.
Complete output:
> # Generate snapshots only on Windows to avoid having to generate snapshot variant
> # corresponding to each OS (#312).
> #
> # This is especially important for Bayesian models where the results can be different
> # across OS, and there is no way to specify a threshold when it comes to snapshots
> # since the values included are of character type.
> if (tolower(Sys.info()[["sysname"]]) == "windows") {
+ library(testthat)
+
+ test_check("report")
+ }
Loading required package: report
Start sampling
boundary (singular) fit: see help('isSingular')
[ FAIL 1 | WARN 16 | SKIP 42 | PASS 113 ]
══ Skipped tests (42) ══════════════════════════════════════════════════════════
• On CRAN (41): 'test-report.aov.R:64:3', 'test-report.brmsfit.R:17:3',
'test-report.data.frame.R:37:3', 'test-report.data.frame.R:76:3',
'test-report.data.frame.R:87:3', 'test-report.data.frame.R:94:3',
'test-report.htest-chi2.R:6:3', 'test-report.htest-chi2.R:108:3',
'test-report.htest-correlation.R:17:3', 'test-report.htest-fisher.R:12:3',
'test-report.htest-friedman.R:11:3', 'test-report.htest-kruskal.R:5:3',
'test-report.htest-t-test.R:23:3', 'test-report.ivreg.R:13:3',
'test-report.lavaan.R:12:3', 'test-report.lavaan.R:16:3',
'test-report.lavaan.R:20:3', 'test-report.lm.R:22:3',
'test-report.lm.R:40:3', 'test-report.lmer.R:20:3',
'test-report.stanreg.R:34:3', 'test-report.survreg.R:10:3',
'test-report_participants.R:51:3', 'test-report_participants.R:131:3',
'test-report_participants.R:155:3', 'test-report_participants.R:171:3',
'test-report_performance.R:79:3', 'test-report_performance.R:120:3',
'test-report_s.R:2:3', 'test-report_sample.R:57:3',
'test-report_sample.R:72:3', 'test-report_sample.R:92:3',
'test-report_sample.R:127:3', 'test-report_sample.R:142:3',
'test-report_sample.R:169:3', 'test-report_sample.R:184:3',
'test-report_sample.R:199:3', 'test-report_sample.R:226:3',
'test-report_sample.R:241:3', 'test-report_sample.R:266:3',
'test-report_sample.R:289:3'
• Skipping because of a .1 decimal difference in snapshots (1):
'test-report.lm.R:6:3'
══ Failed tests ════════════════════════════════════════════════════════════════
── Error ('test-report.htest-wilcox.R:7:3'): report.htest-wilcox ───────────────
Error in `abs(r)`: non-numeric argument to mathematical function
Backtrace:
▆
1. └─testthat::expect_snapshot(...) at test-report.htest-wilcox.R:7:3
2. └─rlang::cnd_signal(state$error)
[ FAIL 1 | WARN 16 | SKIP 42 | PASS 113 ]
Error: Test failures
Execution halted
Flavor: r-oldrel-windows-x86_64