Last updated on 2024-07-13 11:49:25 CEST.
Flavor | Version | Tinstall | Tcheck | Ttotal | Status | Flags |
---|---|---|---|---|---|---|
r-devel-linux-x86_64-debian-clang | 3.2.6 | 58.97 | 74.19 | 133.16 | OK | |
r-devel-linux-x86_64-debian-gcc | 3.2.6 | 42.25 | 55.51 | 97.76 | OK | |
r-devel-linux-x86_64-fedora-clang | 3.2.6 | 170.72 | OK | |||
r-devel-linux-x86_64-fedora-gcc | 3.2.6 | 195.21 | OK | |||
r-devel-windows-x86_64 | 3.2.6 | 42.00 | 121.00 | 163.00 | NOTE | |
r-patched-linux-x86_64 | 3.2.6 | 50.09 | 71.60 | 121.69 | OK | |
r-release-linux-x86_64 | 3.2.6 | 52.68 | 69.51 | 122.19 | OK | |
r-release-macos-arm64 | 3.2.6 | 77.00 | NOTE | |||
r-release-macos-x86_64 | 3.2.6 | 97.00 | NOTE | |||
r-release-windows-x86_64 | 3.2.6 | 42.00 | 125.00 | 167.00 | NOTE | |
r-oldrel-macos-arm64 | 3.2.6 | 64.00 | NOTE | |||
r-oldrel-macos-x86_64 | 3.2.6 | 140.00 | NOTE | |||
r-oldrel-windows-x86_64 | 3.2.6 | 53.00 | 137.00 | 190.00 | NOTE |
Version: 3.2.6
Check: installed package size
Result: NOTE
installed size is 5.5Mb
sub-directories of 1Mb or more:
doc 3.4Mb
libs 1.3Mb
Flavors: r-devel-windows-x86_64, r-release-macos-arm64, r-release-macos-x86_64, r-release-windows-x86_64, r-oldrel-macos-arm64, r-oldrel-macos-x86_64, r-oldrel-windows-x86_64