Last updated on 2024-07-13 11:49:25 CEST.
Flavor | Version | Tinstall | Tcheck | Ttotal | Status | Flags |
---|---|---|---|---|---|---|
r-devel-linux-x86_64-debian-clang | 1.0.7 | 158.45 | 92.98 | 251.43 | OK | |
r-devel-linux-x86_64-debian-gcc | 1.0.7 | 97.43 | 69.94 | 167.37 | OK | |
r-devel-linux-x86_64-fedora-clang | 1.0.7 | 367.59 | OK | |||
r-devel-linux-x86_64-fedora-gcc | 1.0.7 | 350.32 | OK | |||
r-devel-windows-x86_64 | 1.0.7 | 119.00 | 119.00 | 238.00 | OK | |
r-patched-linux-x86_64 | 1.0.7 | 130.94 | 90.13 | 221.07 | OK | |
r-release-linux-x86_64 | 1.0.7 | 117.55 | 88.09 | 205.64 | OK | |
r-release-macos-arm64 | 1.0.7 | 82.00 | NOTE | |||
r-release-macos-x86_64 | 1.0.7 | 101.00 | NOTE | |||
r-release-windows-x86_64 | 1.0.7 | 121.00 | 124.00 | 245.00 | OK | |
r-oldrel-macos-arm64 | 1.0.7 | 115.00 | NOTE | |||
r-oldrel-macos-x86_64 | 1.0.7 | 128.00 | NOTE | |||
r-oldrel-windows-x86_64 | 1.0.7 | 147.00 | 144.00 | 291.00 | OK |
Version: 1.0.7
Check: installed package size
Result: NOTE
installed size is 5.0Mb
sub-directories of 1Mb or more:
libs 4.3Mb
Flavors: r-release-macos-arm64, r-release-macos-x86_64, r-oldrel-macos-arm64, r-oldrel-macos-x86_64