Last updated on 2024-06-27 16:49:13 CEST.
Flavor | Version | Tinstall | Tcheck | Ttotal | Status | Flags |
---|---|---|---|---|---|---|
r-devel-linux-x86_64-debian-clang | 1.4.3 | NOTE | ||||
r-devel-linux-x86_64-debian-gcc | 1.4.3 | 26.21 | 38.21 | 64.42 | NOTE | |
r-devel-linux-x86_64-fedora-clang | 1.4.3 | 118.84 | NOTE | |||
r-devel-linux-x86_64-fedora-gcc | 1.4.3 | 137.70 | NOTE | |||
r-devel-windows-x86_64 | 1.4.3 | 33.00 | 85.00 | 118.00 | NOTE | |
r-patched-linux-x86_64 | 1.4.3 | 36.71 | 49.41 | 86.12 | NOTE | |
r-release-linux-x86_64 | 1.4.3 | 31.56 | 48.83 | 80.39 | NOTE | |
r-release-macos-arm64 | 1.4.3 | 40.00 | OK | |||
r-release-macos-x86_64 | 1.4.3 | 59.00 | OK | |||
r-release-windows-x86_64 | 1.4.3 | 35.00 | 85.00 | 120.00 | NOTE | |
r-oldrel-macos-arm64 | 1.4.3 | 43.00 | OK | |||
r-oldrel-macos-x86_64 | 1.4.3 | 93.00 | OK | |||
r-oldrel-windows-x86_64 | 1.4.3 | 38.00 | 92.00 | 130.00 | OK |
Version: 1.4.3
Check: compiled code
Result: NOTE
File ‘readxl/libs/readxl.so’:
Found non-API calls to R: ‘SETLENGTH’, ‘SET_GROWABLE_BIT’,
‘SET_TRUELENGTH’
Compiled code should not call non-API entry points in R.
See ‘Writing portable packages’ in the ‘Writing R Extensions’ manual.
Flavors: r-devel-linux-x86_64-debian-clang, r-devel-linux-x86_64-fedora-clang, r-devel-linux-x86_64-fedora-gcc
Version: 1.4.3
Check: compiled code
Result: NOTE
File ‘readxl/libs/readxl.so’:
Found non-API calls to R: ‘SETLENGTH’, ‘SET_GROWABLE_BIT’,
‘SET_TRUELENGTH’
Compiled code should not call non-API entry points in R.
See ‘Writing portable packages’ in the ‘Writing R Extensions’ manual.
See section ‘Moving into C API compliance’ in the ‘Writing R
Extensions’ manual for issues with use of non-API entry points.
Flavor: r-devel-linux-x86_64-debian-gcc
Version: 1.4.3
Check: compiled code
Result: NOTE
File 'readxl/libs/x64/readxl.dll':
Found non-API calls to R: 'SETLENGTH', 'SET_GROWABLE_BIT',
'SET_TRUELENGTH'
Compiled code should not call non-API entry points in R.
See 'Writing portable packages' in the 'Writing R Extensions' manual.
Flavor: r-devel-windows-x86_64
Version: 1.4.3
Check: compiled code
Result: NOTE
File ‘readxl/libs/readxl.so’:
Found non-API calls to R: ‘Rf_StringFalse’, ‘Rf_StringTrue’
Compiled code should not call non-API entry points in R.
See ‘Writing portable packages’ in the ‘Writing R Extensions’ manual.
Flavors: r-patched-linux-x86_64, r-release-linux-x86_64
Version: 1.4.3
Check: compiled code
Result: NOTE
File 'readxl/libs/x64/readxl.dll':
Found non-API calls to R: 'Rf_StringFalse', 'Rf_StringTrue'
Compiled code should not call non-API entry points in R.
See 'Writing portable packages' in the 'Writing R Extensions' manual.
Flavor: r-release-windows-x86_64