Last updated on 2024-07-13 11:49:25 CEST.
Flavor | Version | Tinstall | Tcheck | Ttotal | Status | Flags |
---|---|---|---|---|---|---|
r-devel-linux-x86_64-debian-clang | 0.0.5 | 161.91 | 33.95 | 195.86 | NOTE | |
r-devel-linux-x86_64-debian-gcc | 0.0.5 | 109.76 | 25.52 | 135.28 | NOTE | |
r-devel-linux-x86_64-fedora-clang | 0.0.5 | 299.16 | NOTE | |||
r-devel-linux-x86_64-fedora-gcc | 0.0.5 | 296.80 | NOTE | |||
r-devel-windows-x86_64 | 0.0.5 | 124.00 | 69.00 | 193.00 | NOTE | |
r-patched-linux-x86_64 | 0.0.5 | 130.14 | 31.72 | 161.86 | NOTE | |
r-release-linux-x86_64 | 0.0.5 | 134.76 | 31.44 | 166.20 | NOTE | |
r-release-macos-arm64 | 0.0.5 | 49.00 | NOTE | |||
r-release-macos-x86_64 | 0.0.5 | 48.00 | NOTE | |||
r-release-windows-x86_64 | 0.0.5 | 124.00 | 67.00 | 191.00 | NOTE | |
r-oldrel-macos-arm64 | 0.0.5 | 59.00 | NOTE | |||
r-oldrel-macos-x86_64 | 0.0.5 | 108.00 | NOTE | |||
r-oldrel-windows-x86_64 | 0.0.5 | 150.00 | 73.00 | 223.00 | NOTE |
Version: 0.0.5
Check: Rd files
Result: NOTE
checkRd: (-1) farthest_point_sampling.Rd:28: Lost braces; missing escapes or markup?
28 | space P = {p_1, ..., p_k}, such that each p_i is the farthest
| ^
Flavors: r-devel-linux-x86_64-debian-clang, r-devel-linux-x86_64-debian-gcc, r-devel-linux-x86_64-fedora-clang, r-devel-linux-x86_64-fedora-gcc, r-devel-windows-x86_64, r-patched-linux-x86_64, r-release-linux-x86_64, r-release-macos-arm64, r-release-macos-x86_64, r-release-windows-x86_64
Version: 0.0.5
Check: LazyData
Result: NOTE
'LazyData' is specified without a 'data' directory
Flavors: r-devel-linux-x86_64-debian-clang, r-devel-linux-x86_64-debian-gcc, r-devel-linux-x86_64-fedora-clang, r-devel-linux-x86_64-fedora-gcc, r-devel-windows-x86_64, r-patched-linux-x86_64, r-release-linux-x86_64, r-release-macos-arm64, r-release-macos-x86_64, r-release-windows-x86_64, r-oldrel-macos-arm64, r-oldrel-macos-x86_64, r-oldrel-windows-x86_64