Last updated on 2024-06-27 10:49:40 CEST.
Flavor | Version | Tinstall | Tcheck | Ttotal | Status | Flags |
---|---|---|---|---|---|---|
r-devel-linux-x86_64-debian-clang | 0.2 | OK | ||||
r-devel-linux-x86_64-debian-gcc | 0.2 | 2.00 | 18.01 | 20.01 | OK | |
r-devel-linux-x86_64-fedora-clang | 0.2 | 33.05 | NOTE | |||
r-devel-linux-x86_64-fedora-gcc | 0.2 | 31.79 | OK | |||
r-devel-windows-x86_64 | 0.2 | 4.00 | 38.00 | 42.00 | OK | |
r-patched-linux-x86_64 | 0.2 | 3.04 | 22.13 | 25.17 | OK | |
r-release-linux-x86_64 | 0.2 | 2.35 | 22.99 | 25.34 | OK | |
r-release-macos-arm64 | 0.2 | 13.00 | OK | |||
r-release-macos-x86_64 | 0.2 | 19.00 | OK | |||
r-release-windows-x86_64 | 0.2 | 3.00 | 39.00 | 42.00 | OK | |
r-oldrel-macos-arm64 | 0.2 | 20.00 | OK | |||
r-oldrel-macos-x86_64 | 0.2 | 28.00 | OK | |||
r-oldrel-windows-x86_64 | 0.2 | 4.00 | 38.00 | 42.00 | OK |
Version: 0.2
Check: Rd cross-references
Result: NOTE
Undeclared package ‘usethis’ in Rd xrefs
Flavor: r-devel-linux-x86_64-fedora-clang