Last updated on 2024-07-13 05:49:24 CEST.
Flavor | Version | Tinstall | Tcheck | Ttotal | Status | Flags |
---|---|---|---|---|---|---|
r-devel-linux-x86_64-debian-clang | 0.2 | 2.51 | 23.05 | 25.56 | OK | |
r-devel-linux-x86_64-debian-gcc | 0.2 | 2.06 | 17.79 | 19.85 | OK | |
r-devel-linux-x86_64-fedora-clang | 0.2 | 33.05 | NOTE | |||
r-devel-linux-x86_64-fedora-gcc | 0.2 | 31.18 | OK | |||
r-devel-windows-x86_64 | 0.2 | 3.00 | 39.00 | 42.00 | OK | |
r-patched-linux-x86_64 | 0.2 | 1.97 | 22.07 | 24.04 | OK | |
r-release-linux-x86_64 | 0.2 | 2.79 | 21.78 | 24.57 | OK | |
r-release-macos-arm64 | 0.2 | 13.00 | OK | |||
r-release-macos-x86_64 | 0.2 | 19.00 | OK | |||
r-release-windows-x86_64 | 0.2 | 3.00 | 39.00 | 42.00 | OK | |
r-oldrel-macos-arm64 | 0.2 | 20.00 | OK | |||
r-oldrel-macos-x86_64 | 0.2 | 28.00 | OK | |||
r-oldrel-windows-x86_64 | 0.2 | 3.00 | 38.00 | 41.00 | OK |
Version: 0.2
Check: Rd cross-references
Result: NOTE
Undeclared package ‘usethis’ in Rd xrefs
Flavor: r-devel-linux-x86_64-fedora-clang