Last updated on 2024-07-13 05:49:24 CEST.
Flavor | Version | Tinstall | Tcheck | Ttotal | Status | Flags |
---|---|---|---|---|---|---|
r-devel-linux-x86_64-debian-clang | 2.5 | 6.75 | 68.40 | 75.15 | OK | |
r-devel-linux-x86_64-debian-gcc | 2.5 | 4.95 | 49.85 | 54.80 | OK | |
r-devel-linux-x86_64-fedora-clang | 2.5 | 92.91 | OK | |||
r-devel-linux-x86_64-fedora-gcc | 2.5 | 88.22 | OK | |||
r-devel-windows-x86_64 | 2.5 | 11.00 | 69.00 | 80.00 | NOTE | |
r-patched-linux-x86_64 | 2.5 | 13.92 | 63.50 | 77.42 | OK | |
r-release-linux-x86_64 | 2.5 | 7.01 | 63.52 | 70.53 | OK | |
r-release-macos-arm64 | 2.5 | 26.00 | OK | |||
r-release-macos-x86_64 | 2.5 | 42.00 | OK | |||
r-release-windows-x86_64 | 2.5 | 10.00 | 69.00 | 79.00 | OK | |
r-oldrel-macos-arm64 | 2.5 | 34.00 | OK | |||
r-oldrel-macos-x86_64 | 2.5 | 52.00 | OK | |||
r-oldrel-windows-x86_64 | 2.5 | 11.00 | 74.00 | 85.00 | OK |
Version: 2.5
Check: Rd cross-references
Result: NOTE
Found the following Rd file(s) with Rd \link{} targets missing package
anchors:
rdplotdensity.Rd: ggplot2
Please provide package anchors for all Rd \link{} targets not in the
package itself and the base packages.
Flavor: r-devel-windows-x86_64