Last updated on 2024-07-13 11:49:25 CEST.
Flavor | Version | Tinstall | Tcheck | Ttotal | Status | Flags |
---|---|---|---|---|---|---|
r-devel-linux-x86_64-debian-clang | 1.3.2 | 24.19 | 177.40 | 201.59 | OK | |
r-devel-linux-x86_64-debian-gcc | 1.3.2 | 18.03 | 127.68 | 145.71 | OK | |
r-devel-linux-x86_64-fedora-clang | 1.3.2 | 251.40 | OK | |||
r-devel-linux-x86_64-fedora-gcc | 1.3.2 | 251.21 | OK | |||
r-devel-windows-x86_64 | 1.3.2 | 19.00 | 136.00 | 155.00 | NOTE | |
r-patched-linux-x86_64 | 1.3.2 | 32.05 | 170.13 | 202.18 | OK | |
r-release-linux-x86_64 | 1.3.2 | 20.03 | 171.65 | 191.68 | OK | |
r-release-macos-arm64 | 1.3.2 | 90.00 | OK | |||
r-release-macos-x86_64 | 1.3.2 | 112.00 | OK | |||
r-release-windows-x86_64 | 1.3.2 | 16.00 | 135.00 | 151.00 | OK | |
r-oldrel-macos-arm64 | 1.3.2 | 77.00 | OK | |||
r-oldrel-macos-x86_64 | 1.3.2 | 123.00 | OK | |||
r-oldrel-windows-x86_64 | 1.3.2 | 23.00 | 156.00 | 179.00 | OK |
Version: 1.3.2
Check: Rd cross-references
Result: NOTE
Found the following Rd file(s) with Rd \link{} targets missing package
anchors:
mrd_est.Rd: vcovHC
mrd_impute.Rd: vcovHC
rd_est.Rd: vcovHC
rd_impute.Rd: vcovHC
Please provide package anchors for all Rd \link{} targets not in the
package itself and the base packages.
Flavor: r-devel-windows-x86_64