Last updated on 2024-06-21 15:53:00 CEST.
Flavor | Version | Tinstall | Tcheck | Ttotal | Status | Flags |
---|---|---|---|---|---|---|
r-devel-linux-x86_64-debian-clang | 0.1.6 | 232.66 | 147.70 | 380.36 | OK | |
r-devel-linux-x86_64-debian-gcc | 0.1.6 | 154.01 | 97.64 | 251.65 | OK | |
r-devel-linux-x86_64-fedora-clang | 0.1.6 | 546.25 | OK | |||
r-devel-linux-x86_64-fedora-gcc | 0.1.6 | 545.49 | OK | |||
r-devel-windows-x86_64 | 0.1.6 | 194.00 | 153.00 | 347.00 | OK | |
r-patched-linux-x86_64 | 0.1.6 | 188.88 | 138.21 | 327.09 | OK | |
r-release-linux-x86_64 | 0.1.6 | 177.63 | 136.99 | 314.62 | OK | |
r-release-macos-arm64 | 0.1.6 | 103.00 | NOTE | |||
r-release-macos-x86_64 | 0.1.6 | 167.00 | NOTE | |||
r-release-windows-x86_64 | 0.1.6 | 189.00 | 158.00 | 347.00 | OK | |
r-oldrel-macos-arm64 | 0.1.6 | 106.00 | NOTE | |||
r-oldrel-macos-x86_64 | 0.1.6 | 267.00 | NOTE | |||
r-oldrel-windows-x86_64 | 0.1.6 | 234.00 | 182.00 | 416.00 | OK |
Version: 0.1.6
Check: installed package size
Result: NOTE
installed size is 13.9Mb
sub-directories of 1Mb or more:
libs 13.2Mb
Flavors: r-release-macos-arm64, r-release-macos-x86_64, r-oldrel-macos-arm64, r-oldrel-macos-x86_64