Last updated on 2024-07-13 05:49:23 CEST.
Flavor | Version | Tinstall | Tcheck | Ttotal | Status | Flags |
---|---|---|---|---|---|---|
r-devel-linux-x86_64-debian-clang | 1.0.1 | 249.15 | 421.74 | 670.89 | NOTE | |
r-devel-linux-x86_64-debian-gcc | 1.0.1 | 163.62 | 296.01 | 459.63 | NOTE | |
r-devel-linux-x86_64-fedora-clang | 1.0.1 | 789.94 | NOTE | |||
r-devel-linux-x86_64-fedora-gcc | 1.0.1 | 786.14 | NOTE | |||
r-devel-windows-x86_64 | 1.0.1 | 173.00 | 304.00 | 477.00 | NOTE | |
r-patched-linux-x86_64 | 1.0.1 | 150.59 | 400.58 | 551.17 | NOTE | |
r-release-linux-x86_64 | 1.0.1 | 147.69 | 395.86 | 543.55 | NOTE | |
r-release-macos-arm64 | 1.0.1 | 184.00 | NOTE | |||
r-release-macos-x86_64 | 1.0.1 | 250.00 | NOTE | |||
r-release-windows-x86_64 | 1.0.1 | 172.00 | 306.00 | 478.00 | NOTE | |
r-oldrel-macos-arm64 | 1.0.1 | 200.00 | NOTE | |||
r-oldrel-macos-x86_64 | 1.0.1 | 429.00 | NOTE | |||
r-oldrel-windows-x86_64 | 1.0.1 | 227.00 | 397.00 | 624.00 | NOTE |
Version: 1.0.1
Check: package dependencies
Result: NOTE
Package suggested but not available for checking: ‘gurobi’
Flavors: r-devel-linux-x86_64-debian-clang, r-devel-linux-x86_64-debian-gcc, r-devel-linux-x86_64-fedora-clang, r-devel-linux-x86_64-fedora-gcc, r-devel-windows-x86_64, r-patched-linux-x86_64, r-release-linux-x86_64, r-release-macos-arm64, r-release-macos-x86_64, r-release-windows-x86_64, r-oldrel-macos-arm64, r-oldrel-macos-x86_64, r-oldrel-windows-x86_64
Version: 1.0.1
Check: installed package size
Result: NOTE
installed size is 7.3Mb
sub-directories of 1Mb or more:
doc 1.7Mb
extdata 4.2Mb
Flavors: r-devel-linux-x86_64-fedora-clang, r-devel-windows-x86_64, r-release-macos-arm64, r-release-macos-x86_64, r-release-windows-x86_64, r-oldrel-macos-arm64, r-oldrel-macos-x86_64, r-oldrel-windows-x86_64