Last updated on 2024-07-13 05:49:23 CEST.
Flavor | Version | Tinstall | Tcheck | Ttotal | Status | Flags |
---|---|---|---|---|---|---|
r-devel-linux-x86_64-debian-clang | 1.6.6 | 20.04 | 145.90 | 165.94 | OK | |
r-devel-linux-x86_64-debian-gcc | 1.6.6 | 13.37 | 104.57 | 117.94 | OK | |
r-devel-linux-x86_64-fedora-clang | 1.6.6 | 213.71 | NOTE | |||
r-devel-linux-x86_64-fedora-gcc | 1.6.6 | 188.51 | OK | |||
r-devel-windows-x86_64 | 1.6.6 | 18.00 | 148.00 | 166.00 | OK | |
r-patched-linux-x86_64 | 1.6.6 | 18.73 | 134.49 | 153.22 | OK | |
r-release-linux-x86_64 | 1.6.6 | 11.95 | 138.46 | 150.41 | OK | |
r-release-macos-arm64 | 1.6.6 | 55.00 | OK | |||
r-release-macos-x86_64 | 1.6.6 | 83.00 | OK | |||
r-release-windows-x86_64 | 1.6.6 | 18.00 | 151.00 | 169.00 | OK | |
r-oldrel-macos-arm64 | 1.6.6 | 63.00 | OK | |||
r-oldrel-macos-x86_64 | 1.6.6 | 164.00 | OK | |||
r-oldrel-windows-x86_64 | 1.6.6 | 23.00 | 179.00 | 202.00 | OK |
Version: 1.6.6
Check: package dependencies
Result: NOTE
Imports includes 30 non-default packages.
Importing from so many packages makes the package vulnerable to any of
them becoming unavailable. Move as many as possible to Suggests and
use conditionally.
Flavor: r-devel-linux-x86_64-fedora-clang