Last updated on 2024-06-21 15:53:02 CEST.
Flavor | Version | Tinstall | Tcheck | Ttotal | Status | Flags |
---|---|---|---|---|---|---|
r-devel-linux-x86_64-debian-clang | 2.0.0 | 67.23 | 404.53 | 471.76 | OK | |
r-devel-linux-x86_64-debian-gcc | 2.0.0 | 60.07 | 283.32 | 343.39 | OK | |
r-devel-linux-x86_64-fedora-clang | 2.0.0 | 578.58 | OK | |||
r-devel-linux-x86_64-fedora-gcc | 2.0.0 | 569.35 | OK | |||
r-devel-windows-x86_64 | 2.0.0 | 60.00 | 250.00 | 310.00 | OK | |
r-patched-linux-x86_64 | 2.0.0 | 73.59 | 379.31 | 452.90 | OK | |
r-release-linux-x86_64 | 2.0.0 | 68.24 | 373.35 | 441.59 | OK | |
r-release-macos-arm64 | 2.0.0 | 150.00 | OK | |||
r-release-macos-x86_64 | 2.0.0 | 235.00 | OK | |||
r-release-windows-x86_64 | 2.0.0 | 59.00 | 254.00 | 313.00 | OK | |
r-oldrel-macos-arm64 | 2.0.0 | 152.00 | NOTE | |||
r-oldrel-macos-x86_64 | 2.0.0 | 438.00 | NOTE | |||
r-oldrel-windows-x86_64 | 2.0.0 | 77.00 | 334.00 | 411.00 | OK |
Version: 2.0.0
Check: installed package size
Result: NOTE
installed size is 5.3Mb
sub-directories of 1Mb or more:
data 5.0Mb
Flavors: r-oldrel-macos-arm64, r-oldrel-macos-x86_64