Last updated on 2024-06-27 10:49:39 CEST.
Flavor | Version | Tinstall | Tcheck | Ttotal | Status | Flags |
---|---|---|---|---|---|---|
r-devel-linux-x86_64-debian-clang | 2.2.1 | OK | ||||
r-devel-linux-x86_64-debian-gcc | 2.2.1 | 7.02 | 64.21 | 71.23 | OK | |
r-devel-linux-x86_64-fedora-clang | 2.2.1 | 124.54 | NOTE | |||
r-devel-linux-x86_64-fedora-gcc | 2.2.1 | 122.57 | NOTE | |||
r-devel-windows-x86_64 | 2.2.1 | 9.00 | 81.00 | 90.00 | OK | |
r-patched-linux-x86_64 | 2.2.1 | 8.57 | 80.02 | 88.59 | OK | |
r-release-linux-x86_64 | 2.2.1 | 9.31 | 82.10 | 91.41 | OK | |
r-release-macos-arm64 | 2.2.1 | 34.00 | OK | |||
r-release-macos-x86_64 | 2.2.1 | 57.00 | OK | |||
r-release-windows-x86_64 | 2.2.1 | 10.00 | 80.00 | 90.00 | OK | |
r-oldrel-macos-arm64 | 2.2.1 | 39.00 | OK | |||
r-oldrel-macos-x86_64 | 2.2.1 | 63.00 | OK | |||
r-oldrel-windows-x86_64 | 2.2.1 | 11.00 | 100.00 | 111.00 | OK |
Version: 2.2.1
Check: dependencies in R code
Result: NOTE
Namespace in Imports field not imported from: ‘SparseM’
All declared Imports should be used.
Flavors: r-devel-linux-x86_64-fedora-clang, r-devel-linux-x86_64-fedora-gcc