Last updated on 2024-06-27 16:49:12 CEST.
Flavor | Version | Tinstall | Tcheck | Ttotal | Status | Flags |
---|---|---|---|---|---|---|
r-devel-linux-x86_64-debian-clang | 0.26.3 | NOTE | ||||
r-devel-linux-x86_64-debian-gcc | 0.26.3 | 43.54 | 425.09 | 468.63 | NOTE | |
r-devel-linux-x86_64-fedora-clang | 0.26.3 | 586.26 | NOTE | |||
r-devel-linux-x86_64-fedora-gcc | 0.26.3 | 722.46 | NOTE | |||
r-devel-windows-x86_64 | 0.26.3 | 93.00 | 395.00 | 488.00 | NOTE | |
r-patched-linux-x86_64 | 0.26.3 | 50.18 | 487.89 | 538.07 | OK | |
r-release-linux-x86_64 | 0.26.3 | 56.04 | 485.77 | 541.81 | OK | |
r-release-macos-arm64 | 0.26.3 | 280.00 | NOTE | |||
r-release-macos-x86_64 | 0.26.3 | 389.00 | NOTE | |||
r-release-windows-x86_64 | 0.26.3 | 96.00 | 411.00 | 507.00 | OK | |
r-oldrel-macos-arm64 | 0.26.3 | 270.00 | NOTE | |||
r-oldrel-macos-x86_64 | 0.26.3 | 596.00 | NOTE | |||
r-oldrel-windows-x86_64 | 0.26.3 | 113.00 | 493.00 | 606.00 | OK |
Version: 0.26.3
Check: compiled code
Result: NOTE
File ‘qs/libs/qs.so’:
Found non-API calls to R: ‘FRAME’, ‘HASHTAB’, ‘LEVELS’, ‘PRENV’,
‘SETLEVELS’, ‘SET_CLOENV’, ‘SET_ENCLOS’, ‘SET_FRAME’,
‘SET_HASHTAB’, ‘SET_PRENV’, ‘SET_S4_OBJECT’, ‘SET_TRUELENGTH’,
‘STRING_PTR’
Compiled code should not call non-API entry points in R.
See ‘Writing portable packages’ in the ‘Writing R Extensions’ manual.
Flavors: r-devel-linux-x86_64-debian-clang, r-devel-linux-x86_64-fedora-clang, r-devel-linux-x86_64-fedora-gcc
Version: 0.26.3
Check: compiled code
Result: NOTE
File ‘qs/libs/qs.so’:
Found non-API calls to R: ‘FRAME’, ‘HASHTAB’, ‘LEVELS’, ‘PRENV’,
‘SETLEVELS’, ‘SET_CLOENV’, ‘SET_ENCLOS’, ‘SET_FRAME’,
‘SET_HASHTAB’, ‘SET_PRENV’, ‘SET_S4_OBJECT’, ‘SET_TRUELENGTH’,
‘STRING_PTR’
Compiled code should not call non-API entry points in R.
See ‘Writing portable packages’ in the ‘Writing R Extensions’ manual.
See section ‘Moving into C API compliance’ in the ‘Writing R
Extensions’ manual for issues with use of non-API entry points.
Flavor: r-devel-linux-x86_64-debian-gcc
Version: 0.26.3
Check: compiled code
Result: NOTE
File 'qs/libs/x64/qs.dll':
Found non-API calls to R: 'FRAME', 'HASHTAB', 'LEVELS', 'PRENV',
'SETLEVELS', 'SET_CLOENV', 'SET_ENCLOS', 'SET_FRAME',
'SET_HASHTAB', 'SET_PRENV', 'SET_S4_OBJECT', 'SET_TRUELENGTH',
'STRING_PTR'
Compiled code should not call non-API entry points in R.
See 'Writing portable packages' in the 'Writing R Extensions' manual.
Flavor: r-devel-windows-x86_64
Version: 0.26.3
Check: installed package size
Result: NOTE
installed size is 13.1Mb
sub-directories of 1Mb or more:
doc 1.1Mb
libs 11.7Mb
Flavors: r-release-macos-arm64, r-release-macos-x86_64, r-oldrel-macos-arm64, r-oldrel-macos-x86_64