Last updated on 2024-07-13 11:49:24 CEST.
Flavor | Version | Tinstall | Tcheck | Ttotal | Status | Flags |
---|---|---|---|---|---|---|
r-devel-linux-x86_64-debian-clang | 1.0-1 | 14.33 | 124.45 | 138.78 | OK | |
r-devel-linux-x86_64-debian-gcc | 1.0-1 | 12.47 | 90.11 | 102.58 | OK | |
r-devel-linux-x86_64-fedora-clang | 1.0-1 | 179.48 | NOTE | |||
r-devel-linux-x86_64-fedora-gcc | 1.0-1 | 165.22 | OK | |||
r-devel-windows-x86_64 | 1.0-1 | 14.00 | 108.00 | 122.00 | NOTE | |
r-patched-linux-x86_64 | 1.0-1 | 16.70 | 115.36 | 132.06 | OK | |
r-release-linux-x86_64 | 1.0-1 | 9.76 | 117.09 | 126.85 | OK | |
r-release-macos-arm64 | 1.0-1 | 56.00 | OK | |||
r-release-macos-x86_64 | 1.0-1 | 72.00 | OK | |||
r-release-windows-x86_64 | 1.0-1 | 13.00 | 111.00 | 124.00 | OK | |
r-oldrel-macos-arm64 | 1.0-1 | 62.00 | OK | |||
r-oldrel-macos-x86_64 | 1.0-1 | 136.00 | OK | |||
r-oldrel-windows-x86_64 | 1.0-1 | 19.00 | 139.00 | 158.00 | OK |
Version: 1.0-1
Check: Rd cross-references
Result: NOTE
Undeclared package ‘mice’ in Rd xrefs
Flavor: r-devel-linux-x86_64-fedora-clang
Version: 1.0-1
Check: Rd cross-references
Result: NOTE
Found the following Rd file(s) with Rd \link{} targets missing package
anchors:
missChk.Rd: combplotp
Please provide package anchors for all Rd \link{} targets not in the
package itself and the base packages.
Flavor: r-devel-windows-x86_64