Last updated on 2024-07-13 11:49:24 CEST.
Flavor | Version | Tinstall | Tcheck | Ttotal | Status | Flags |
---|---|---|---|---|---|---|
r-devel-linux-x86_64-debian-clang | 1.3.3 | 157.04 | 30.40 | 187.44 | OK | |
r-devel-linux-x86_64-debian-gcc | 1.3.3 | 124.31 | 23.46 | 147.77 | OK | |
r-devel-linux-x86_64-fedora-clang | 1.3.3 | 384.64 | OK | |||
r-devel-linux-x86_64-fedora-gcc | 1.3.3 | 318.95 | OK | |||
r-devel-windows-x86_64 | 1.3.3 | 138.00 | 74.00 | 212.00 | OK | |
r-patched-linux-x86_64 | 1.3.3 | 145.68 | 28.02 | 173.70 | OK | |
r-release-linux-x86_64 | 1.3.3 | 147.05 | 28.99 | 176.04 | OK | |
r-release-macos-arm64 | 1.3.3 | 69.00 | NOTE | |||
r-release-macos-x86_64 | 1.3.3 | 58.00 | NOTE | |||
r-release-windows-x86_64 | 1.3.3 | 146.00 | 77.00 | 223.00 | OK | |
r-oldrel-macos-arm64 | 1.3.3 | 74.00 | NOTE | |||
r-oldrel-macos-x86_64 | 1.3.3 | 74.00 | NOTE | |||
r-oldrel-windows-x86_64 | 1.3.3 | 167.00 | 86.00 | 253.00 | OK |
Version: 1.3.3
Check: installed package size
Result: NOTE
installed size is 15.8Mb
sub-directories of 1Mb or more:
libs 15.7Mb
Flavors: r-release-macos-arm64, r-release-macos-x86_64, r-oldrel-macos-arm64, r-oldrel-macos-x86_64