Last updated on 2024-06-27 16:49:12 CEST.
Flavor | Version | Tinstall | Tcheck | Ttotal | Status | Flags |
---|---|---|---|---|---|---|
r-devel-linux-x86_64-debian-clang | 1.3.3 | OK | ||||
r-devel-linux-x86_64-debian-gcc | 1.3.3 | 126.06 | 23.18 | 149.24 | OK | |
r-devel-linux-x86_64-fedora-clang | 1.3.3 | 384.64 | OK | |||
r-devel-linux-x86_64-fedora-gcc | 1.3.3 | 318.67 | OK | |||
r-devel-windows-x86_64 | 1.3.3 | 139.00 | 74.00 | 213.00 | OK | |
r-patched-linux-x86_64 | 1.3.3 | 143.43 | 28.21 | 171.64 | OK | |
r-release-linux-x86_64 | 1.3.3 | 149.86 | 29.18 | 179.04 | OK | |
r-release-macos-arm64 | 1.3.3 | 69.00 | NOTE | |||
r-release-macos-x86_64 | 1.3.3 | 58.00 | NOTE | |||
r-release-windows-x86_64 | 1.3.3 | 145.00 | 79.00 | 224.00 | OK | |
r-oldrel-macos-arm64 | 1.3.3 | 74.00 | NOTE | |||
r-oldrel-macos-x86_64 | 1.3.3 | 74.00 | NOTE | |||
r-oldrel-windows-x86_64 | 1.3.3 | 165.00 | 88.00 | 253.00 | OK |
Version: 1.3.3
Check: installed package size
Result: NOTE
installed size is 15.8Mb
sub-directories of 1Mb or more:
libs 15.7Mb
Flavors: r-release-macos-arm64, r-release-macos-x86_64, r-oldrel-macos-arm64, r-oldrel-macos-x86_64