Last updated on 2024-07-13 11:49:24 CEST.
Flavor | Version | Tinstall | Tcheck | Ttotal | Status | Flags |
---|---|---|---|---|---|---|
r-devel-linux-x86_64-debian-clang | 0.5.1 | 10.31 | 110.11 | 120.42 | OK | |
r-devel-linux-x86_64-debian-gcc | 0.5.1 | 9.85 | 79.80 | 89.65 | OK | |
r-devel-linux-x86_64-fedora-clang | 0.5.1 | 162.50 | OK | |||
r-devel-linux-x86_64-fedora-gcc | 0.5.1 | 145.66 | OK | |||
r-devel-windows-x86_64 | 0.5.1 | 10.00 | 90.00 | 100.00 | NOTE | |
r-patched-linux-x86_64 | 0.5.1 | 10.72 | 108.07 | 118.79 | OK | |
r-release-linux-x86_64 | 0.5.1 | 11.33 | 103.78 | 115.11 | OK | |
r-release-macos-arm64 | 0.5.1 | 46.00 | OK | |||
r-release-macos-x86_64 | 0.5.1 | 67.00 | OK | |||
r-release-windows-x86_64 | 0.5.1 | 10.00 | 92.00 | 102.00 | OK | |
r-oldrel-macos-arm64 | 0.5.1 | 46.00 | OK | |||
r-oldrel-macos-x86_64 | 0.5.1 | 68.00 | NOTE | |||
r-oldrel-windows-x86_64 | 0.5.1 | 13.00 | 107.00 | 120.00 | OK |
Version: 0.5.1
Check: Rd cross-references
Result: NOTE
Found the following Rd file(s) with Rd \link{} targets missing package
anchors:
qcba.Rd: CBARuleModel
Please provide package anchors for all Rd \link{} targets not in the
package itself and the base packages.
Flavor: r-devel-windows-x86_64
Version: 0.5.1
Check: package dependencies
Result: NOTE
Package suggested but not available for checking: ‘rCBA’
Flavor: r-oldrel-macos-x86_64