Last updated on 2024-06-27 16:49:12 CEST.
Flavor | Version | Tinstall | Tcheck | Ttotal | Status | Flags |
---|---|---|---|---|---|---|
r-devel-linux-x86_64-debian-clang | 2.3.0 | OK | ||||
r-devel-linux-x86_64-debian-gcc | 2.3.0 | 58.80 | 25.68 | 84.48 | OK | |
r-devel-linux-x86_64-fedora-clang | 2.3.0 | 171.58 | NOTE | |||
r-devel-linux-x86_64-fedora-gcc | 2.3.0 | 182.66 | OK | |||
r-devel-windows-x86_64 | 2.3.0 | 71.00 | 84.00 | 155.00 | OK | |
r-patched-linux-x86_64 | 2.3.0 | 72.14 | 32.32 | 104.46 | OK | |
r-release-linux-x86_64 | 2.3.0 | 74.61 | 32.80 | 107.41 | OK | |
r-release-macos-arm64 | 2.3.0 | 39.00 | NOTE | |||
r-release-macos-x86_64 | 2.3.0 | 42.00 | NOTE | |||
r-release-windows-x86_64 | 2.3.0 | 70.00 | 87.00 | 157.00 | OK | |
r-oldrel-macos-arm64 | 2.3.0 | 126.00 | NOTE | |||
r-oldrel-macos-x86_64 | 2.3.0 | 75.00 | NOTE | |||
r-oldrel-windows-x86_64 | 2.3.0 | 77.00 | 97.00 | 174.00 | OK |
Version: 2.3.0
Check: Rd cross-references
Result: NOTE
Undeclared package ‘RProtoBuf’ in Rd xrefs
Flavor: r-devel-linux-x86_64-fedora-clang
Version: 2.3.0
Check: installed package size
Result: NOTE
installed size is 21.4Mb
sub-directories of 1Mb or more:
libs 21.3Mb
Flavors: r-release-macos-arm64, r-release-macos-x86_64, r-oldrel-macos-arm64, r-oldrel-macos-x86_64