Last updated on 2024-06-27 10:49:39 CEST.
Flavor | Version | Tinstall | Tcheck | Ttotal | Status | Flags |
---|---|---|---|---|---|---|
r-devel-linux-x86_64-debian-clang | 0.7.9 | OK | ||||
r-devel-linux-x86_64-debian-gcc | 0.7.9 | 42.62 | 83.93 | 126.55 | OK | |
r-devel-linux-x86_64-fedora-clang | 0.7.9 | 230.06 | NOTE | |||
r-devel-linux-x86_64-fedora-gcc | 0.7.9 | 235.98 | OK | |||
r-devel-windows-x86_64 | 0.7.9 | 45.00 | 197.00 | 242.00 | OK | |
r-patched-linux-x86_64 | 0.7.9 | 54.29 | 104.41 | 158.70 | OK | |
r-release-linux-x86_64 | 0.7.9 | 56.11 | 107.77 | 163.88 | OK | |
r-release-macos-arm64 | 0.7.9 | 70.00 | NOTE | |||
r-release-macos-x86_64 | 0.7.9 | 144.00 | NOTE | |||
r-release-windows-x86_64 | 0.7.9 | 47.00 | 201.00 | 248.00 | OK | |
r-oldrel-macos-arm64 | 0.7.9 | 95.00 | NOTE | |||
r-oldrel-macos-x86_64 | 0.7.9 | 189.00 | NOTE | |||
r-oldrel-windows-x86_64 | 0.7.9 | 48.00 | 197.00 | 245.00 | OK |
Version: 0.7.9
Check: Rd cross-references
Result: NOTE
Undeclared package ‘XML’ in Rd xrefs
Flavor: r-devel-linux-x86_64-fedora-clang
Version: 0.7.9
Check: installed package size
Result: NOTE
installed size is 6.6Mb
sub-directories of 1Mb or more:
data 2.3Mb
libs 3.2Mb
Flavors: r-release-macos-arm64, r-release-macos-x86_64, r-oldrel-macos-arm64, r-oldrel-macos-x86_64