Last updated on 2024-06-27 10:49:39 CEST.
Flavor | Version | Tinstall | Tcheck | Ttotal | Status | Flags |
---|---|---|---|---|---|---|
r-devel-linux-x86_64-debian-clang | 1.0.3 | OK | ||||
r-devel-linux-x86_64-debian-gcc | 1.0.3 | 16.31 | 286.29 | 302.60 | OK | |
r-devel-linux-x86_64-fedora-clang | 1.0.3 | 502.98 | NOTE | |||
r-devel-linux-x86_64-fedora-gcc | 1.0.3 | 513.89 | OK | |||
r-devel-windows-x86_64 | 1.0.3 | 17.00 | 287.00 | 304.00 | OK | |
r-patched-linux-x86_64 | 1.0.3 | 13.36 | 370.13 | 383.49 | OK | |
r-release-linux-x86_64 | 1.0.3 | 11.96 | 381.87 | 393.83 | OK | |
r-release-macos-arm64 | 1.0.3 | 149.00 | OK | |||
r-release-macos-x86_64 | 1.0.3 | 217.00 | OK | |||
r-release-windows-x86_64 | 1.0.3 | 17.00 | 290.00 | 307.00 | OK | |
r-oldrel-macos-arm64 | 1.0.3 | 151.00 | OK | |||
r-oldrel-macos-x86_64 | 1.0.3 | 374.00 | OK | |||
r-oldrel-windows-x86_64 | 1.0.3 | 23.00 | 363.00 | 386.00 | OK |
Version: 1.0.3
Check: Rd cross-references
Result: NOTE
Undeclared package ‘future’ in Rd xrefs
Flavor: r-devel-linux-x86_64-fedora-clang