Last updated on 2024-06-27 16:49:12 CEST.
Flavor | Version | Tinstall | Tcheck | Ttotal | Status | Flags |
---|---|---|---|---|---|---|
r-devel-linux-x86_64-debian-clang | 0.3.1 | OK | ||||
r-devel-linux-x86_64-debian-gcc | 0.3.1 | 8.37 | 129.13 | 137.50 | OK | |
r-devel-linux-x86_64-fedora-clang | 0.3.1 | 232.66 | NOTE | |||
r-devel-linux-x86_64-fedora-gcc | 0.3.1 | 235.81 | OK | |||
r-devel-windows-x86_64 | 0.3.1 | 9.00 | 132.00 | 141.00 | OK | |
r-patched-linux-x86_64 | 0.3.1 | 11.58 | 168.57 | 180.15 | OK | |
r-release-linux-x86_64 | 0.3.1 | 10.72 | 168.12 | 178.84 | OK | |
r-release-macos-arm64 | 0.3.1 | 68.00 | OK | |||
r-release-macos-x86_64 | 0.3.1 | 131.00 | OK | |||
r-release-windows-x86_64 | 0.3.1 | 10.00 | 130.00 | 140.00 | OK | |
r-oldrel-macos-arm64 | 0.3.1 | 72.00 | OK | |||
r-oldrel-macos-x86_64 | 0.3.1 | 205.00 | OK | |||
r-oldrel-windows-x86_64 | 0.3.1 | 13.00 | 170.00 | 183.00 | OK |
Version: 0.3.1
Check: Rd cross-references
Result: NOTE
Undeclared package ‘mvtnorm’ in Rd xrefs
Flavor: r-devel-linux-x86_64-fedora-clang