Last updated on 2024-07-13 05:49:22 CEST.
Flavor | Version | Tinstall | Tcheck | Ttotal | Status | Flags |
---|---|---|---|---|---|---|
r-devel-linux-x86_64-debian-clang | 0.5.0 | 289.97 | 116.93 | 406.90 | NOTE | |
r-devel-linux-x86_64-debian-gcc | 0.5.0 | 197.94 | 87.62 | 285.56 | NOTE | |
r-devel-linux-x86_64-fedora-clang | 0.5.0 | 589.56 | NOTE | |||
r-devel-linux-x86_64-fedora-gcc | 0.5.0 | 603.19 | NOTE | |||
r-devel-windows-x86_64 | 0.5.0 | 266.00 | 123.00 | 389.00 | NOTE | |
r-patched-linux-x86_64 | 0.5.0 | 245.29 | 112.55 | 357.84 | NOTE | |
r-release-linux-x86_64 | 0.5.0 | 175.54 | 112.79 | 288.33 | NOTE | |
r-release-macos-arm64 | 0.5.0 | 114.00 | NOTE | |||
r-release-macos-x86_64 | 0.5.0 | 121.00 | NOTE | |||
r-release-windows-x86_64 | 0.5.0 | 268.00 | 123.00 | 391.00 | NOTE | |
r-oldrel-macos-arm64 | 0.5.0 | 123.00 | NOTE | |||
r-oldrel-macos-x86_64 | 0.5.0 | 170.00 | NOTE | |||
r-oldrel-windows-x86_64 | 0.5.0 | 322.00 | 145.00 | 467.00 | NOTE |
Version: 0.5.0
Check: package dependencies
Result: NOTE
Packages suggested but not available for checking: 'gurobi', 'rcbc'
Flavors: r-devel-linux-x86_64-debian-clang, r-devel-linux-x86_64-debian-gcc, r-patched-linux-x86_64, r-release-linux-x86_64
Version: 0.5.0
Check: package dependencies
Result: NOTE
Packages suggested but not available for checking:
'gurobi', 'Rcplex', 'rcbc'
Flavors: r-devel-linux-x86_64-fedora-clang, r-devel-linux-x86_64-fedora-gcc, r-devel-windows-x86_64, r-release-macos-arm64, r-release-macos-x86_64, r-release-windows-x86_64, r-oldrel-macos-arm64, r-oldrel-macos-x86_64, r-oldrel-windows-x86_64
Version: 0.5.0
Check: installed package size
Result: NOTE
installed size is 5.3Mb
sub-directories of 1Mb or more:
doc 3.6Mb
Flavors: r-devel-linux-x86_64-fedora-clang, r-devel-windows-x86_64, r-release-macos-arm64, r-release-macos-x86_64, r-release-windows-x86_64, r-oldrel-macos-arm64, r-oldrel-macos-x86_64, r-oldrel-windows-x86_64