Last updated on 2024-06-27 16:49:12 CEST.
Flavor | Version | Tinstall | Tcheck | Ttotal | Status | Flags |
---|---|---|---|---|---|---|
r-devel-linux-x86_64-debian-clang | 2.6.1 | OK | ||||
r-devel-linux-x86_64-debian-gcc | 2.6.1 | 6.43 | 44.45 | 50.88 | OK | |
r-devel-linux-x86_64-fedora-clang | 2.6.1 | 81.32 | NOTE | |||
r-devel-linux-x86_64-fedora-gcc | 2.6.1 | 77.16 | OK | |||
r-devel-windows-x86_64 | 2.6.1 | 8.00 | 67.00 | 75.00 | NOTE | |
r-patched-linux-x86_64 | 2.6.1 | 6.82 | 55.84 | 62.66 | OK | |
r-release-linux-x86_64 | 2.6.1 | 7.89 | 56.91 | 64.80 | OK | |
r-release-macos-arm64 | 2.6.1 | 26.00 | NOTE | |||
r-release-macos-x86_64 | 2.6.1 | 55.00 | NOTE | |||
r-release-windows-x86_64 | 2.6.1 | 8.00 | 66.00 | 74.00 | NOTE | |
r-oldrel-macos-arm64 | 2.6.1 | 34.00 | NOTE | |||
r-oldrel-macos-x86_64 | 2.6.1 | 47.00 | NOTE | |||
r-oldrel-windows-x86_64 | 2.6.1 | 10.00 | 73.00 | 83.00 | NOTE |
Version: 2.6.1
Check: installed package size
Result: NOTE
installed size is 5.6Mb
sub-directories of 1Mb or more:
shinyApp 5.4Mb
Flavors: r-devel-linux-x86_64-fedora-clang, r-devel-windows-x86_64, r-release-macos-arm64, r-release-macos-x86_64, r-release-windows-x86_64, r-oldrel-macos-arm64, r-oldrel-macos-x86_64, r-oldrel-windows-x86_64