Last updated on 2024-08-10 16:49:03 CEST.
Flavor | Version | Tinstall | Tcheck | Ttotal | Status | Flags |
---|---|---|---|---|---|---|
r-devel-linux-x86_64-debian-clang | 1.0.5 | 1.77 | 23.15 | 24.92 | NOTE | |
r-devel-linux-x86_64-debian-gcc | 1.0.5 | 1.45 | 18.23 | 19.68 | NOTE | |
r-devel-linux-x86_64-fedora-clang | 1.0.5 | 41.32 | NOTE | |||
r-devel-linux-x86_64-fedora-gcc | 1.0.5 | 37.73 | NOTE | |||
r-devel-windows-x86_64 | 1.0.5 | 3.00 | 50.00 | 53.00 | NOTE | |
r-patched-linux-x86_64 | 1.0.5 | 1.96 | 22.27 | 24.23 | NOTE | |
r-release-linux-x86_64 | 1.0.5 | 1.94 | 22.15 | 24.09 | NOTE | |
r-release-macos-arm64 | 1.0.5 | 19.00 | NOTE | |||
r-release-macos-x86_64 | 1.0.5 | 27.00 | NOTE | |||
r-release-windows-x86_64 | 1.0.5 | 4.00 | 52.00 | 56.00 | NOTE | |
r-oldrel-macos-arm64 | 1.0.5 | 19.00 | NOTE | |||
r-oldrel-macos-x86_64 | 1.0.5 | 23.00 | NOTE | |||
r-oldrel-windows-x86_64 | 1.0.5 | 4.00 | 49.00 | 53.00 | NOTE |
Version: 1.0.5
Check: LazyData
Result: NOTE
'LazyData' is specified without a 'data' directory
Flavors: r-devel-linux-x86_64-debian-clang, r-devel-linux-x86_64-debian-gcc, r-devel-linux-x86_64-fedora-clang, r-devel-linux-x86_64-fedora-gcc, r-devel-windows-x86_64, r-patched-linux-x86_64, r-release-linux-x86_64, r-release-macos-arm64, r-release-macos-x86_64, r-release-windows-x86_64, r-oldrel-macos-arm64, r-oldrel-macos-x86_64, r-oldrel-windows-x86_64