Last updated on 2024-06-21 15:52:59 CEST.
Flavor | Version | Tinstall | Tcheck | Ttotal | Status | Flags |
---|---|---|---|---|---|---|
r-devel-linux-x86_64-debian-clang | 6.0 | 10.93 | 84.42 | 95.35 | OK | |
r-devel-linux-x86_64-debian-gcc | 6.0 | 8.10 | 60.62 | 68.72 | OK | |
r-devel-linux-x86_64-fedora-clang | 6.0 | 119.73 | NOTE | |||
r-devel-linux-x86_64-fedora-gcc | 6.0 | 113.51 | OK | |||
r-devel-windows-x86_64 | 6.0 | 10.00 | 79.00 | 89.00 | OK | |
r-patched-linux-x86_64 | 6.0 | 11.12 | 79.43 | 90.55 | OK | |
r-release-linux-x86_64 | 6.0 | 6.31 | 79.81 | 86.12 | OK | |
r-release-macos-arm64 | 6.0 | 33.00 | OK | |||
r-release-macos-x86_64 | 6.0 | 50.00 | OK | |||
r-release-windows-x86_64 | 6.0 | 12.00 | 78.00 | 90.00 | OK | |
r-oldrel-macos-arm64 | 6.0 | 35.00 | OK | |||
r-oldrel-macos-x86_64 | 6.0 | 86.00 | OK | |||
r-oldrel-windows-x86_64 | 6.0 | 11.00 | 93.00 | 104.00 | OK |
Version: 6.0
Check: Rd cross-references
Result: NOTE
Undeclared packages ‘fracdiff’, ‘fGarch’, ‘tseries’ in Rd xrefs
Flavor: r-devel-linux-x86_64-fedora-clang