Last updated on 2024-07-13 05:49:22 CEST.
Flavor | Version | Tinstall | Tcheck | Ttotal | Status | Flags |
---|---|---|---|---|---|---|
r-devel-linux-x86_64-debian-clang | 1.1.6 | 618.74 | 1385.66 | 2004.40 | OK | |
r-devel-linux-x86_64-debian-gcc | 1.1.6 | 407.90 | 870.09 | 1277.99 | OK | |
r-devel-linux-x86_64-fedora-clang | 1.1.6 | 2691.71 | NOTE | |||
r-devel-linux-x86_64-fedora-gcc | 1.1.6 | 2535.88 | OK | |||
r-devel-windows-x86_64 | 1.1.6 | 411.00 | 591.00 | 1002.00 | NOTE | |
r-patched-linux-x86_64 | 1.1.6 | 490.14 | 1278.96 | 1769.10 | OK | |
r-release-linux-x86_64 | 1.1.6 | 548.48 | 1309.86 | 1858.34 | OK | |
r-release-macos-arm64 | 1.1.6 | 350.00 | NOTE | |||
r-release-macos-x86_64 | 1.1.6 | 684.00 | NOTE | |||
r-release-windows-x86_64 | 1.1.6 | 416.00 | 604.00 | 1020.00 | NOTE | |
r-oldrel-macos-arm64 | 1.1.6 | 347.00 | NOTE | |||
r-oldrel-macos-x86_64 | 1.1.6 | 645.00 | NOTE | |||
r-oldrel-windows-x86_64 | 1.1.6 | 445.00 | 806.00 | 1251.00 | NOTE |
Version: 1.1.6
Check: installed package size
Result: NOTE
installed size is 11.8Mb
sub-directories of 1Mb or more:
R 6.3Mb
data 4.3Mb
Flavors: r-devel-linux-x86_64-fedora-clang, r-devel-windows-x86_64, r-release-macos-arm64, r-release-macos-x86_64, r-release-windows-x86_64, r-oldrel-macos-arm64, r-oldrel-macos-x86_64, r-oldrel-windows-x86_64