Last updated on 2024-07-13 11:49:23 CEST.
Flavor | Version | Tinstall | Tcheck | Ttotal | Status | Flags |
---|---|---|---|---|---|---|
r-devel-linux-x86_64-debian-clang | 2.0.0 | 104.55 | 171.84 | 276.39 | OK | |
r-devel-linux-x86_64-debian-gcc | 2.0.0 | 72.81 | 126.24 | 199.05 | OK | |
r-devel-linux-x86_64-fedora-clang | 2.0.0 | 395.56 | NOTE | |||
r-devel-linux-x86_64-fedora-gcc | 2.0.0 | 402.58 | OK | |||
r-devel-windows-x86_64 | 2.0.0 | 75.00 | 170.00 | 245.00 | NOTE | |
r-patched-linux-x86_64 | 2.0.0 | 90.38 | 159.99 | 250.37 | OK | |
r-release-linux-x86_64 | 2.0.0 | 84.65 | 164.87 | 249.52 | OK | |
r-release-macos-arm64 | 2.0.0 | 95.00 | NOTE | |||
r-release-macos-x86_64 | 2.0.0 | 129.00 | NOTE | |||
r-release-windows-x86_64 | 2.0.0 | 76.00 | 167.00 | 243.00 | NOTE | |
r-oldrel-macos-arm64 | 2.0.0 | 92.00 | NOTE | |||
r-oldrel-macos-x86_64 | 2.0.0 | 162.00 | NOTE | |||
r-oldrel-windows-x86_64 | 2.0.0 | 77.00 | 208.00 | 285.00 | NOTE |
Version: 2.0.0
Check: Rd cross-references
Result: NOTE
Undeclared packages ‘polymapR’, ‘BSgenome’ in Rd xrefs
Flavor: r-devel-linux-x86_64-fedora-clang
Version: 2.0.0
Check: installed package size
Result: NOTE
installed size is 5.4Mb
sub-directories of 1Mb or more:
extdata 2.8Mb
libs 1.2Mb
Flavors: r-devel-windows-x86_64, r-release-macos-arm64, r-release-macos-x86_64, r-release-windows-x86_64, r-oldrel-macos-arm64, r-oldrel-macos-x86_64, r-oldrel-windows-x86_64
Version: 2.0.0
Check: package dependencies
Result: NOTE
Package suggested but not available for checking: ‘VariantAnnotation’
Flavors: r-oldrel-macos-arm64, r-oldrel-macos-x86_64
Version: 2.0.0
Check: Rd cross-references
Result: NOTE
Package unavailable to check Rd xrefs: ‘VariantAnnotation’
Flavors: r-oldrel-macos-arm64, r-oldrel-macos-x86_64