Last updated on 2024-07-13 11:49:22 CEST.
Flavor | Version | Tinstall | Tcheck | Ttotal | Status | Flags |
---|---|---|---|---|---|---|
r-devel-linux-x86_64-debian-clang | 0.2-1 | 8.33 | 75.79 | 84.12 | OK | |
r-devel-linux-x86_64-debian-gcc | 0.2-1 | 6.28 | 56.41 | 62.69 | OK | |
r-devel-linux-x86_64-fedora-clang | 0.2-1 | 112.23 | OK | |||
r-devel-linux-x86_64-fedora-gcc | 0.2-1 | 126.72 | OK | |||
r-devel-windows-x86_64 | 0.2-1 | 9.00 | 100.00 | 109.00 | OK | |
r-patched-linux-x86_64 | 0.2-1 | 8.94 | 69.76 | 78.70 | OK | |
r-release-linux-x86_64 | 0.2-1 | 8.04 | 71.62 | 79.66 | OK | |
r-release-macos-arm64 | 0.2-1 | 5.00 | ERROR | |||
r-release-macos-x86_64 | 0.2-1 | 8.00 | ERROR | |||
r-release-windows-x86_64 | 0.2-1 | 10.00 | 102.00 | 112.00 | OK | |
r-oldrel-macos-arm64 | 0.2-1 | 10.00 | ERROR | |||
r-oldrel-macos-x86_64 | 0.2-1 | 12.00 | ERROR | |||
r-oldrel-windows-x86_64 | 0.2-1 | 11.00 | 103.00 | 114.00 | OK |
Version: 0.2-1
Check: package dependencies
Result: ERROR
Package required but not available: ‘pbdMPI’
See section ‘The DESCRIPTION file’ in the ‘Writing R Extensions’
manual.
Flavors: r-release-macos-arm64, r-release-macos-x86_64, r-oldrel-macos-arm64, r-oldrel-macos-x86_64