Last updated on 2024-07-13 11:49:22 CEST.
Flavor | Version | Tinstall | Tcheck | Ttotal | Status | Flags |
---|---|---|---|---|---|---|
r-devel-linux-x86_64-debian-clang | 2.4.5 | 134.26 | 254.03 | 388.29 | NOTE | |
r-devel-linux-x86_64-debian-gcc | 2.4.5 | 83.79 | 183.67 | 267.46 | NOTE | |
r-devel-linux-x86_64-fedora-clang | 2.4.5 | 536.56 | NOTE | |||
r-devel-linux-x86_64-fedora-gcc | 2.4.5 | 512.18 | NOTE | |||
r-devel-windows-x86_64 | 2.4.5 | 100.00 | 242.00 | 342.00 | NOTE | |
r-patched-linux-x86_64 | 2.4.5 | 109.40 | 245.32 | 354.72 | NOTE | |
r-release-linux-x86_64 | 2.4.5 | 79.14 | 243.70 | 322.84 | NOTE | |
r-release-macos-arm64 | 2.4.5 | 111.00 | NOTE | |||
r-release-macos-x86_64 | 2.4.5 | 156.00 | NOTE | |||
r-release-windows-x86_64 | 2.4.5 | 103.00 | 247.00 | 350.00 | NOTE | |
r-oldrel-macos-arm64 | 2.4.5 | 114.00 | NOTE | |||
r-oldrel-macos-x86_64 | 2.4.5 | 253.00 | NOTE | |||
r-oldrel-windows-x86_64 | 2.4.5 | 125.00 | 302.00 | 427.00 | NOTE |
Version: 2.4.5
Check: package dependencies
Result: NOTE
Package suggested but not available for checking: ‘pmartRdata’
Flavors: r-devel-linux-x86_64-debian-clang, r-devel-linux-x86_64-debian-gcc, r-devel-linux-x86_64-fedora-clang, r-devel-linux-x86_64-fedora-gcc, r-devel-windows-x86_64, r-patched-linux-x86_64, r-release-linux-x86_64, r-release-macos-arm64, r-release-macos-x86_64, r-release-windows-x86_64, r-oldrel-macos-arm64, r-oldrel-macos-x86_64, r-oldrel-windows-x86_64
Version: 2.4.5
Check: installed package size
Result: NOTE
installed size is 7.5Mb
sub-directories of 1Mb or more:
libs 5.0Mb
Flavors: r-release-macos-arm64, r-release-macos-x86_64, r-oldrel-macos-arm64, r-oldrel-macos-x86_64