Last updated on 2024-06-27 16:49:11 CEST.
Flavor | Version | Tinstall | Tcheck | Ttotal | Status | Flags |
---|---|---|---|---|---|---|
r-devel-linux-x86_64-debian-clang | 0.3.4 | NOTE | ||||
r-devel-linux-x86_64-debian-gcc | 0.3.4 | 6.17 | 96.98 | 103.15 | NOTE | |
r-devel-linux-x86_64-fedora-clang | 0.3.4 | 175.24 | NOTE | |||
r-devel-linux-x86_64-fedora-gcc | 0.3.4 | 178.52 | NOTE | |||
r-devel-windows-x86_64 | 0.3.4 | 9.00 | 156.00 | 165.00 | NOTE | |
r-patched-linux-x86_64 | 0.3.4 | 10.28 | 123.87 | 134.15 | NOTE | |
r-release-linux-x86_64 | 0.3.4 | 6.87 | 124.57 | 131.44 | NOTE | |
r-release-macos-arm64 | 0.3.4 | 73.00 | NOTE | |||
r-release-macos-x86_64 | 0.3.4 | 105.00 | NOTE | |||
r-release-windows-x86_64 | 0.3.4 | 10.00 | 157.00 | 167.00 | NOTE | |
r-oldrel-macos-arm64 | 0.3.4 | 77.00 | OK | |||
r-oldrel-macos-x86_64 | 0.3.4 | 74.00 | OK | |||
r-oldrel-windows-x86_64 | 0.3.4 | 11.00 | 169.00 | 180.00 | OK |
Version: 0.3.4
Check: Rd files
Result: NOTE
checkRd: (-1) check_hwe.Rd:103: Lost braces; missing escapes or markup?
103 | {'ALL', 'AFF', 'UNAFF', 'ALL(QT)', 'ALL(NP)'}), A1 (Allele 1; usually minor),
| ^
Flavors: r-devel-linux-x86_64-debian-clang, r-devel-linux-x86_64-debian-gcc, r-devel-linux-x86_64-fedora-clang, r-devel-linux-x86_64-fedora-gcc, r-devel-windows-x86_64, r-patched-linux-x86_64, r-release-linux-x86_64, r-release-macos-arm64, r-release-macos-x86_64, r-release-windows-x86_64